180.76.5.145 - - [18/May/2012:00:51:00 -0700] "GET /logs/error.log.2012-05-13 HTTP/1.1" 404 469 "-" "Mozilla/5.0 (compatible; Baiduspider/2.0; +http://www.baidu.com/search/spider.html)"
66.249.73.154 - - [18/May/2012:00:51:38 -0700] "GET /logs/hits/bandwidth.20041015 HTTP/1.1" 200 311 "-" "Mozilla/5.0 (compatible; Googlebot/2.1; +http://www.google.com/bot.html)"
199.21.99.68 - - [18/May/2012:00:54:57 -0700] "GET /new/?C=D;O=A HTTP/1.1" 200 563 "-" "Mozilla/5.0 (compatible; YandexBot/3.0; +http://yandex.com/bots)"
66.249.73.150 - - [18/May/2012:00:58:07 -0700] "GET / HTTP/1.1" 200 634 "-" "Mozilla/5.0 (compatible; Googlebot/2.1; +http://www.google.com/bot.html)"
199.21.99.68 - - [18/May/2012:00:59:02 -0700] "GET /new/ HTTP/1.1" 200 563 "-" "Mozilla/5.0 (compatible; YandexBot/3.0; +http://yandex.com/bots)"
193.47.80.49 - - [18/May/2012:01:02:22 -0700] "GET /robots.txt HTTP/1.1" 404 457 "-" "Mozilla/5.0 (compatible; Exabot/3.0; +http://www.exabot.com/go/robot)"
193.47.80.49 - - [18/May/2012:01:02:22 -0700] "GET /new/PunkinChunkin6November2004/photos/photo9.html HTTP/1.1" 404 482 "-" "Mozilla/5.0 (compatible; Exabot/3.0; +http://www.exabot.com/go/robot)"
193.47.80.49 - - [18/May/2012:01:02:28 -0700] "GET /new/PunkinChunkin6November2004/photos/photo4.html HTTP/1.1" 404 481 "-" "Mozilla/5.0 (compatible; Exabot/3.0; +http://www.exabot.com/go/robot)"
193.47.80.49 - - [18/May/2012:01:02:30 -0700] "GET /new/PunkinChunkin6November2004/photos/photo3.html HTTP/1.1" 404 481 "-" "Mozilla/5.0 (compatible; Exabot/3.0; +http://www.exabot.com/go/robot)"
193.47.80.49 - - [18/May/2012:01:02:33 -0700] "GET /new/PunkinChunkin6November2004/photos/photo2.html HTTP/1.1" 404 481 "-" "Mozilla/5.0 (compatible; Exabot/3.0; +http://www.exabot.com/go/robot)"
193.47.80.49 - - [18/May/2012:01:02:35 -0700] "GET /new/PunkinChunkin6November2004/photos/photo1.html HTTP/1.1" 404 481 "-" "Mozilla/5.0 (compatible; Exabot/3.0; +http://www.exabot.com/go/robot)"
1.202.218.8 - - [18/May/2012:01:05:59 -0700] "GET /robots.txt HTTP/1.0" 404 514 "-" "\"Mozilla/5.0"
66.249.73.154 - - [18/May/2012:01:11:07 -0700] "GET /logs/hits/bandwidth.20041016 HTTP/1.1" 200 312 "-" "Mozilla/5.0 (compatible; Googlebot/2.1; +http://www.google.com/bot.html)"
66.249.73.154 - - [18/May/2012:01:19:14 -0700] "GET /logs/hits/bandwidth.20041018 HTTP/1.1" 200 312 "-" "Mozilla/5.0 (compatible; Googlebot/2.1; +http://www.google.com/bot.html)"
66.249.73.154 - - [18/May/2012:01:20:52 -0700] "GET /logs/hits/bandwidth.20041022 HTTP/1.1" 200 312 "-" "Mozilla/5.0 (compatible; Googlebot/2.1; +http://www.google.com/bot.html)"
66.249.73.154 - - [18/May/2012:01:45:14 -0700] "GET /logs/hits/bandwidth.20041017 HTTP/1.1" 200 312 "-" "Mozilla/5.0 (compatible; Googlebot/2.1; +http://www.google.com/bot.html)"
66.249.73.154 - - [18/May/2012:01:53:22 -0700] "GET /logs/hits/bandwidth.20041020 HTTP/1.1" 200 312 "-" "Mozilla/5.0 (compatible; Googlebot/2.1; +http://www.google.com/bot.html)"
199.21.99.68 - - [18/May/2012:01:55:29 -0700] "GET /robots.txt HTTP/1.1" 404 551 "-" "Mozilla/5.0 (compatible; YandexBot/3.0; +http://yandex.com/bots)"
199.21.99.68 - - [18/May/2012:01:55:32 -0700] "GET /_images/ZbThumbnail.info HTTP/1.1" 200 4734 "-" "Mozilla/5.0 (compatible; YandexBot/3.0; +http://yandex.com/bots)"
66.249.73.154 - - [18/May/2012:01:59:53 -0700] "GET /logs/hits/bandwidth.20041024 HTTP/1.1" 200 311 "-" "Mozilla/5.0 (compatible; Googlebot/2.1; +http://www.google.com/bot.html)"
180.76.5.48 - - [18/May/2012:02:12:13 -0700] "GET /logs/hits/hits.20050310 HTTP/1.1" 304 136 "-" "Mozilla/5.0 (compatible; Baiduspider/2.0; +http://www.baidu.com/search/spider.html)"
180.76.5.163 - - [18/May/2012:02:16:03 -0700] "GET /robots.txt HTTP/1.1" 404 457 "-" "Mozilla/5.0 (Windows NT 5.1; rv:6.0.2) Gecko/20100101 Firefox/6.0.2"
199.21.99.68 - - [18/May/2012:02:16:18 -0700] "GET /new/tof/ HTTP/1.1" 200 502 "-" "Mozilla/5.0 (compatible; YandexBot/3.0; +http://yandex.com/bots)"
199.21.99.68 - - [18/May/2012:02:18:57 -0700] "GET /new/?C=N;O=D HTTP/1.1" 200 562 "-" "Mozilla/5.0 (compatible; YandexBot/3.0; +http://yandex.com/bots)"
66.249.73.154 - - [18/May/2012:02:22:43 -0700] "GET /logs/hits/bandwidth.20041023 HTTP/1.1" 200 311 "-" "Mozilla/5.0 (compatible; Googlebot/2.1; +http://www.google.com/bot.html)"
66.249.73.150 - - [18/May/2012:02:30:51 -0700] "GET /photos/FamilyPhotos/target4.html HTTP/1.1" 304 196 "-" "Mozilla/5.0 (compatible; Googlebot/2.1; +http://www.google.com/bot.html)"
66.249.73.150 - - [18/May/2012:02:31:05 -0700] "GET /new/_images/mikepc70.png HTTP/1.1" 200 11002 "-" "Googlebot-Image/1.0"
66.249.73.150 - - [18/May/2012:02:42:15 -0700] "GET /photos/FamilyPhotos/target3.html HTTP/1.1" 304 196 "-" "Mozilla/5.0 (compatible; Googlebot/2.1; +http://www.google.com/bot.html)"
199.21.99.68 - - [18/May/2012:03:11:35 -0700] "GET /_images/ HTTP/1.1" 200 2279 "-" "Mozilla/5.0 (compatible; YandexBot/3.0; +http://yandex.com/bots)"
66.249.73.150 - - [18/May/2012:03:22:59 -0700] "GET /photos/FamilyPhotos/target5.html HTTP/1.1" 304 196 "-" "Mozilla/5.0 (compatible; Googlebot/2.1; +http://www.google.com/bot.html)"
208.115.111.72 - - [18/May/2012:03:27:02 -0700] "GET /robots.txt HTTP/1.1" 404 495 "-" "Mozilla/5.0 (compatible; Ezooms/1.0; ezooms.bot@gmail.com)"
180.76.5.171 - - [18/May/2012:03:31:48 -0700] "GET /photos/PhiladelphiaOctober2004/photos/photo5.html HTTP/1.1" 200 1011 "-" "Mozilla/5.0 (compatible; Baiduspider/2.0; +http://www.baidu.com/search/spider.html)"
66.249.73.154 - - [18/May/2012:03:32:47 -0700] "GET /robots.txt HTTP/1.1" 404 494 "-" "Mozilla/5.0 (compatible; Googlebot/2.1; +http://www.google.com/bot.html)"
66.249.73.154 - - [18/May/2012:03:32:47 -0700] "GET /logs/hits/bandwidth.20041026 HTTP/1.1" 200 312 "-" "Mozilla/5.0 (compatible; Googlebot/2.1; +http://www.google.com/bot.html)"
66.249.73.154 - - [18/May/2012:03:36:01 -0700] "GET /logs/hits/bandwidth.20041028 HTTP/1.1" 200 312 "-" "Mozilla/5.0 (compatible; Googlebot/2.1; +http://www.google.com/bot.html)"
199.21.99.68 - - [18/May/2012:03:40:09 -0700] "GET /logs/analog_success.txt HTTP/1.1" 200 3053 "-" "Mozilla/5.0 (compatible; YandexBot/3.0; +http://yandex.com/bots)"
199.21.99.68 - - [18/May/2012:03:40:11 -0700] "GET /_images/?C=N;O=D HTTP/1.1" 200 2280 "-" "Mozilla/5.0 (compatible; YandexBot/3.0; +http://yandex.com/bots)"
66.249.73.150 - - [18/May/2012:04:02:07 -0700] "GET /photos/FamilyPhotos/target24.html HTTP/1.1" 304 196 "-" "Mozilla/5.0 (compatible; Googlebot/2.1; +http://www.google.com/bot.html)"
199.21.99.68 - - [18/May/2012:04:02:26 -0700] "GET /new/_images/ HTTP/1.1" 200 2285 "-" "Mozilla/5.0 (compatible; YandexBot/3.0; +http://yandex.com/bots)"
1.202.218.8 - - [18/May/2012:04:14:51 -0700] "GET /robots.txt HTTP/1.0" 404 514 "-" "\"Mozilla/5.0"
66.249.73.150 - - [18/May/2012:04:16:48 -0700] "GET /photos/TheHolidays2004/ HTTP/1.1" 304 196 "-" "Mozilla/5.0 (compatible; Googlebot/2.1; +http://www.google.com/bot.html)"
91.209.136.29 - - [18/May/2012:04:24:40 -0700] "GET /new/_images/tat_small.png HTTP/1.1" 200 29474 "http://mcroghan.blogspot.com/2012/01/help-nuba-people-of-sudan.html" "Mozilla/4.0 (compatible; MSIE 7.0; Windows NT 5.1; .NET CLR 1.1.4322)"
91.209.136.28 - - [18/May/2012:04:24:40 -0700] "GET /new/_images/email.png HTTP/1.1" 200 780 "http://mcroghan.blogspot.com/2012/01/help-nuba-people-of-sudan.html" "Mozilla/4.0 (compatible; MSIE 7.0; Windows NT 5.1; .NET CLR 1.1.4322)"
91.209.136.26 - - [18/May/2012:04:24:40 -0700] "GET /new/_images/cticon.png HTTP/1.1" 200 509 "http://mcroghan.blogspot.com/2012/01/help-nuba-people-of-sudan.html" "Mozilla/4.0 (compatible; MSIE 7.0; Windows NT 5.1; .NET CLR 1.1.4322)"
91.209.136.26 - - [18/May/2012:04:24:40 -0700] "GET /new/_images/facebook.png HTTP/1.1" 200 760 "http://mcroghan.blogspot.com/2012/01/help-nuba-people-of-sudan.html" "Mozilla/4.0 (compatible; MSIE 7.0; Windows NT 5.1; .NET CLR 1.1.4322)"
91.209.136.29 - - [18/May/2012:04:24:41 -0700] "GET /new/_images/twitter.png HTTP/1.1" 200 934 "http://mcroghan.blogspot.com/2012/01/help-nuba-people-of-sudan.html" "Mozilla/4.0 (compatible; MSIE 7.0; Windows NT 5.1; .NET CLR 1.1.4322)"
91.209.136.29 - - [18/May/2012:04:24:41 -0700] "GET /new/_images/gplus.png HTTP/1.1" 200 1366 "http://mcroghan.blogspot.com/2012/01/help-nuba-people-of-sudan.html" "Mozilla/4.0 (compatible; MSIE 7.0; Windows NT 5.1; .NET CLR 1.1.4322)"
91.209.136.29 - - [18/May/2012:04:24:41 -0700] "GET /new/_images/linkedin.png HTTP/1.1" 200 911 "http://mcroghan.blogspot.com/2012/01/help-nuba-people-of-sudan.html" "Mozilla/4.0 (compatible; MSIE 7.0; Windows NT 5.1; .NET CLR 1.1.4322)"
91.209.136.29 - - [18/May/2012:04:24:41 -0700] "GET /new/_images/flickr.png HTTP/1.1" 200 742 "http://mcroghan.blogspot.com/2012/01/help-nuba-people-of-sudan.html" "Mozilla/4.0 (compatible; MSIE 7.0; Windows NT 5.1; .NET CLR 1.1.4322)"
91.209.136.29 - - [18/May/2012:04:24:41 -0700] "GET /new/_images/anglimergent.png HTTP/1.1" 200 1080 "http://mcroghan.blogspot.com/2012/01/help-nuba-people-of-sudan.html" "Mozilla/4.0 (compatible; MSIE 7.0; Windows NT 5.1; .NET CLR 1.1.4322)"
91.209.136.29 - - [18/May/2012:04:24:41 -0700] "GET /new/_images/transform.png HTTP/1.1" 200 947 "http://mcroghan.blogspot.com/2012/01/help-nuba-people-of-sudan.html" "Mozilla/4.0 (compatible; MSIE 7.0; Windows NT 5.1; .NET CLR 1.1.4322)"
208.115.111.72 - - [18/May/2012:04:25:08 -0700] "GET /logs/hits/bandwidth.20030627 HTTP/1.1" 200 256 "-" "Mozilla/5.0 (compatible; Ezooms/1.0; ezooms.bot@gmail.com)"
208.115.111.72 - - [18/May/2012:04:25:13 -0700] "GET /photos/HikingtheAppalachianTrailJuly2005/photos/photo4.html HTTP/1.1" 200 2050 "-" "Mozilla/5.0 (compatible; Ezooms/1.0; ezooms.bot@gmail.com)"
178.162.248.149 - - [18/May/2012:04:53:12 -0700] "GET /logs/error.log/wp-content/plugins/uBillboard/timthumb.php?src=http://picasa.com.greenhallway.ca/cok.php HTTP/1.1" 503 532 "-" "FreeWebMonitoring SiteChecker/0.1 (+http://www.freewebmonitoring.com)"
178.162.248.149 - - [18/May/2012:04:53:13 -0700] "GET /wp-content/plugins/uBillboard/timthumb.php?src=http://picasa.com.greenhallway.ca/cok.php HTTP/1.1" 503 532 "-" "FreeWebMonitoring SiteChecker/0.1 (+http://www.freewebmonitoring.com)"
178.162.248.149 - - [18/May/2012:04:53:14 -0700] "GET /logs/wp-content/plugins/uBillboard/timthumb.php?src=http://picasa.com.greenhallway.ca/cok.php HTTP/1.1" 503 532 "-" "FreeWebMonitoring SiteChecker/0.1 (+http://www.freewebmonitoring.com)"
193.105.210.250 - - [18/May/2012:04:53:15 -0700] "GET /logs/error.log/wp-content/plugins/uBillboard/timthumb.php?src=http://picasa.com.greenhallway.ca/cok.php HTTP/1.1" 503 532 "-" "Mozilla/5.0 (Windows; U; Windows NT 5.1;en-US;rv:1.9.2.12) Gecko/20101026 Firefox/3.6.12"
178.162.248.149 - - [18/May/2012:04:53:16 -0700] "GET /logs/error.log%22%20class=%22resultLink/wp-content/plugins/uBillboard/timthumb.php?src=http://picasa.com.greenhallway.ca/cok.php HTTP/1.1" 503 532 "-" "FreeWebMonitoring SiteChecker/0.1 (+http://www.freewebmonitoring.com)"
193.105.210.250 - - [18/May/2012:04:53:16 -0700] "GET /wp-content/plugins/uBillboard/timthumb.php?src=http://picasa.com.greenhallway.ca/cok.php HTTP/1.1" 503 532 "-" "Mozilla/5.0 (Windows; U; Windows NT 5.1;en-US;rv:1.9.2.12) Gecko/20101026 Firefox/3.6.12"
193.105.210.250 - - [18/May/2012:04:54:02 -0700] "GET /logs/error.log%22%20class=%22resultLink/wp-content/plugins/uBillboard/timthumb.php?src=http://picasa.com.greenhallway.ca/cok.php HTTP/1.1" 503 532 "-" "Mozilla/5.0 (Windows; U; Windows NT 5.1;en-US;rv:1.9.2.12) Gecko/20101026 Firefox/3.6.12"
199.21.99.68 - - [18/May/2012:05:11:33 -0700] "GET /_images/?C=D;O=A HTTP/1.1" 200 2279 "-" "Mozilla/5.0 (compatible; YandexBot/3.0; +http://yandex.com/bots)"
199.21.99.68 - - [18/May/2012:05:24:49 -0700] "GET /?C=N;O=D HTTP/1.1" 200 632 "-" "Mozilla/5.0 (compatible; YandexBot/3.0; +http://yandex.com/bots)"
199.21.99.68 - - [18/May/2012:05:30:34 -0700] "GET /_images/?C=S;O=A HTTP/1.1" 200 2291 "-" "Mozilla/5.0 (compatible; YandexBot/3.0; +http://yandex.com/bots)"
199.21.99.68 - - [18/May/2012:05:57:44 -0700] "GET /new/?C=M;O=A HTTP/1.1" 200 563 "-" "Mozilla/5.0 (compatible; YandexBot/3.0; +http://yandex.com/bots)"
180.76.6.231 - - [18/May/2012:06:10:07 -0700] "GET /logs/access.log.2012-05-11 HTTP/1.1" 404 470 "-" "Mozilla/5.0 (compatible; Baiduspider/2.0; +http://www.baidu.com/search/spider.html)"
199.21.99.68 - - [18/May/2012:06:12:47 -0700] "GET /_images/?C=S;O=D HTTP/1.1" 200 2284 "-" "Mozilla/5.0 (compatible; YandexBot/3.0; +http://yandex.com/bots)"
77.75.77.17 - - [18/May/2012:06:13:31 -0700] "GET /robots.txt HTTP/1.1" 404 494 "-" "SeznamBot/3.0 (+http://fulltext.sblog.cz/)"
77.75.77.17 - - [18/May/2012:06:13:33 -0700] "GET /photos/ManyReunionsJuly2005/photos/photo53.html HTTP/1.1" 200 1094 "-" "SeznamBot/3.0 (+http://fulltext.sblog.cz/)"
77.75.77.17 - - [18/May/2012:06:13:42 -0700] "GET /photos/BackpackingApril2005/photos/photo6.html HTTP/1.1" 200 1048 "-" "SeznamBot/3.0 (+http://fulltext.sblog.cz/)"
77.75.77.17 - - [18/May/2012:06:13:50 -0700] "GET /new/?C=M;O=A HTTP/1.1" 200 563 "-" "SeznamBot/3.0 (+http://fulltext.sblog.cz/)"
77.75.77.17 - - [18/May/2012:06:13:51 -0700] "GET /new/dailyoffice/ HTTP/1.1" 200 555 "-" "SeznamBot/3.0 (+http://fulltext.sblog.cz/)"
77.75.77.17 - - [18/May/2012:06:13:52 -0700] "GET /photos/?C=S;O=A HTTP/1.1" 200 1006 "-" "SeznamBot/3.0 (+http://fulltext.sblog.cz/)"
77.75.77.17 - - [18/May/2012:06:14:13 -0700] "GET /logs/analog_success.txt HTTP/1.1" 200 3053 "-" "SeznamBot/3.0 (+http://fulltext.sblog.cz/)"
77.75.77.17 - - [18/May/2012:06:14:15 -0700] "GET /logs/?C=D;O=A HTTP/1.1" 200 790 "-" "SeznamBot/3.0 (+http://fulltext.sblog.cz/)"
77.75.77.17 - - [18/May/2012:06:14:28 -0700] "GET /logs/analog/ HTTP/1.1" 200 695 "-" "SeznamBot/3.0 (+http://fulltext.sblog.cz/)"
77.75.77.17 - - [18/May/2012:06:14:29 -0700] "GET /logs/error.log HTTP/1.1" 200 1239 "-" "SeznamBot/3.0 (+http://fulltext.sblog.cz/)"
77.75.77.17 - - [18/May/2012:06:14:30 -0700] "GET /logs/error.log.0 HTTP/1.1" 200 3010 "-" "SeznamBot/3.0 (+http://fulltext.sblog.cz/)"
77.75.77.17 - - [18/May/2012:06:14:30 -0700] "GET /logs/access.log HTTP/1.1" 200 2239 "-" "SeznamBot/3.0 (+http://fulltext.sblog.cz/)"
77.75.77.17 - - [18/May/2012:06:14:40 -0700] "GET /?C=M;O=A HTTP/1.1" 200 633 "-" "SeznamBot/3.0 (+http://fulltext.sblog.cz/)"
77.75.77.17 - - [18/May/2012:06:14:41 -0700] "GET /?C=S;O=D HTTP/1.1" 200 629 "-" "SeznamBot/3.0 (+http://fulltext.sblog.cz/)"
77.75.77.17 - - [18/May/2012:06:14:42 -0700] "GET /?C=N;O=D HTTP/1.1" 200 631 "-" "SeznamBot/3.0 (+http://fulltext.sblog.cz/)"
77.75.77.17 - - [18/May/2012:06:14:43 -0700] "GET /?C=D;O=D HTTP/1.1" 200 631 "-" "SeznamBot/3.0 (+http://fulltext.sblog.cz/)"
77.75.77.17 - - [18/May/2012:06:14:48 -0700] "GET /?C=S;O=A HTTP/1.1" 200 629 "-" "SeznamBot/3.0 (+http://fulltext.sblog.cz/)"
77.75.77.17 - - [18/May/2012:06:14:50 -0700] "GET /?C=D;O=A HTTP/1.1" 200 633 "-" "SeznamBot/3.0 (+http://fulltext.sblog.cz/)"
77.75.77.17 - - [18/May/2012:06:14:52 -0700] "GET /?C=M;O=D HTTP/1.1" 200 630 "-" "SeznamBot/3.0 (+http://fulltext.sblog.cz/)"
77.75.77.17 - - [18/May/2012:06:14:53 -0700] "GET /logs/ HTTP/1.1" 200 787 "-" "SeznamBot/3.0 (+http://fulltext.sblog.cz/)"
77.75.77.17 - - [18/May/2012:06:14:54 -0700] "GET / HTTP/1.1" 200 633 "-" "SeznamBot/3.0 (+http://fulltext.sblog.cz/)"
77.75.77.17 - - [18/May/2012:06:15:06 -0700] "GET /logs/hits/ref.20060619 HTTP/1.1" 200 15906 "-" "SeznamBot/3.0 (+http://fulltext.sblog.cz/)"
199.21.99.68 - - [18/May/2012:06:32:00 -0700] "GET /?C=N;O=A HTTP/1.1" 200 634 "-" "Mozilla/5.0 (compatible; YandexBot/3.0; +http://yandex.com/bots)"
212.90.148.83 - - [18/May/2012:06:33:55 -0700] "GET /logs/error.log//wp-content/plugins/uBillboard/timthumb.php?src=http://picasa.com.yenisahne.com/cybercrime.php HTTP/1.1" 503 532 "-" "Mozilla/5.0 (Windows; U; Windows NT 5.1; en-US; rv:1.9.2) Gecko/20100115 Firefox/3.6"
212.90.148.83 - - [18/May/2012:06:33:55 -0700] "GET /logs/error.log//wp-content/plugins/uBillboard/timthumb.php?src=http://picasa.com.yenisahne.com/cybercrime.php HTTP/1.1" 503 532 "-" "Mozilla/5.0 (Windows; U; Windows NT 5.1; en-US; rv:1.9.2) Gecko/20100115 Firefox/3.6"
212.90.148.83 - - [18/May/2012:06:33:56 -0700] "GET //wp-content/plugins/uBillboard/timthumb.php?src=http://picasa.com.yenisahne.com/cybercrime.php HTTP/1.1" 503 532 "-" "Mozilla/5.0 (Windows; U; Windows NT 5.1; en-US; rv:1.9.2) Gecko/20100115 Firefox/3.6"
212.90.148.83 - - [18/May/2012:06:33:56 -0700] "GET //wp-content/plugins/uBillboard/timthumb.php?src=http://picasa.com.yenisahne.com/cybercrime.php HTTP/1.1" 503 532 "-" "Mozilla/5.0 (Windows; U; Windows NT 5.1; en-US; rv:1.9.2) Gecko/20100115 Firefox/3.6"
212.90.148.83 - - [18/May/2012:06:33:56 -0700] "GET /logs//wp-content/plugins/uBillboard/timthumb.php?src=http://picasa.com.yenisahne.com/cybercrime.php HTTP/1.1" 503 532 "-" "Mozilla/5.0 (Windows; U; Windows NT 5.1; en-US; rv:1.9.2) Gecko/20100115 Firefox/3.6"
212.90.148.83 - - [18/May/2012:06:33:56 -0700] "GET /logs//wp-content/plugins/uBillboard/timthumb.php?src=http://picasa.com.yenisahne.com/cybercrime.php HTTP/1.1" 503 532 "-" "Mozilla/5.0 (Windows; U; Windows NT 5.1; en-US; rv:1.9.2) Gecko/20100115 Firefox/3.6"
212.90.148.83 - - [18/May/2012:06:33:56 -0700] "GET /logs/error.log%22%20class=%22resultLink//wp-content/plugins/uBillboard/timthumb.php?src=http://picasa.com.yenisahne.com/cybercrime.php HTTP/1.1" 503 532 "-" "Mozilla/5.0 (Windows; U; Windows NT 5.1; en-US; rv:1.9.2) Gecko/20100115 Firefox/3.6"
212.90.148.83 - - [18/May/2012:06:33:56 -0700] "GET /logs/error.log%22%20class=%22resultLink//wp-content/plugins/uBillboard/timthumb.php?src=http://picasa.com.yenisahne.com/cybercrime.php HTTP/1.1" 503 532 "-" "Mozilla/5.0 (Windows; U; Windows NT 5.1; en-US; rv:1.9.2) Gecko/20100115 Firefox/3.6"
212.90.148.83 - - [18/May/2012:06:37:36 -0700] "GET /logs/error.log//wp-content/plugins/uBillboard/timthumb.php?src=http://picasa.com.yenisahne.com/cybercrime.php HTTP/1.1" 503 532 "-" "Mozilla/5.0 (Windows; U; Windows NT 5.1; en-US; rv:1.9.2) Gecko/20100115 Firefox/3.6"
212.90.148.83 - - [18/May/2012:06:37:36 -0700] "GET //wp-content/plugins/uBillboard/timthumb.php?src=http://picasa.com.yenisahne.com/cybercrime.php HTTP/1.1" 503 532 "-" "Mozilla/5.0 (Windows; U; Windows NT 5.1; en-US; rv:1.9.2) Gecko/20100115 Firefox/3.6"
212.90.148.83 - - [18/May/2012:06:37:37 -0700] "GET /logs//wp-content/plugins/uBillboard/timthumb.php?src=http://picasa.com.yenisahne.com/cybercrime.php HTTP/1.1" 503 532 "-" "Mozilla/5.0 (Windows; U; Windows NT 5.1; en-US; rv:1.9.2) Gecko/20100115 Firefox/3.6"
212.90.148.83 - - [18/May/2012:06:37:37 -0700] "GET /logs/error.log%22%20class=%22resultLink//wp-content/plugins/uBillboard/timthumb.php?src=http://picasa.com.yenisahne.com/cybercrime.php HTTP/1.1" 503 532 "-" "Mozilla/5.0 (Windows; U; Windows NT 5.1; en-US; rv:1.9.2) Gecko/20100115 Firefox/3.6"
212.90.148.83 - - [18/May/2012:06:37:37 -0700] "GET /logs/error.log//wp-content/plugins/uBillboard/timthumb.php?src=http://picasa.com.yenisahne.com/cybercrime.php HTTP/1.1" 503 532 "-" "Mozilla/5.0 (Windows; U; Windows NT 5.1; en-US; rv:1.9.2) Gecko/20100115 Firefox/3.6"
212.90.148.83 - - [18/May/2012:06:37:37 -0700] "GET //wp-content/plugins/uBillboard/timthumb.php?src=http://picasa.com.yenisahne.com/cybercrime.php HTTP/1.1" 503 532 "-" "Mozilla/5.0 (Windows; U; Windows NT 5.1; en-US; rv:1.9.2) Gecko/20100115 Firefox/3.6"
212.90.148.83 - - [18/May/2012:06:37:38 -0700] "GET /logs//wp-content/plugins/uBillboard/timthumb.php?src=http://picasa.com.yenisahne.com/cybercrime.php HTTP/1.1" 503 532 "-" "Mozilla/5.0 (Windows; U; Windows NT 5.1; en-US; rv:1.9.2) Gecko/20100115 Firefox/3.6"
212.90.148.83 - - [18/May/2012:06:37:38 -0700] "GET /logs/error.log%22%20class=%22resultLink//wp-content/plugins/uBillboard/timthumb.php?src=http://picasa.com.yenisahne.com/cybercrime.php HTTP/1.1" 503 532 "-" "Mozilla/5.0 (Windows; U; Windows NT 5.1; en-US; rv:1.9.2) Gecko/20100115 Firefox/3.6"
199.21.99.68 - - [18/May/2012:06:43:24 -0700] "GET /?C=D;O=A HTTP/1.1" 200 634 "-" "Mozilla/5.0 (compatible; YandexBot/3.0; +http://yandex.com/bots)"
199.21.99.68 - - [18/May/2012:07:05:19 -0700] "GET /_images/?C=N;O=A HTTP/1.1" 200 2279 "-" "Mozilla/5.0 (compatible; YandexBot/3.0; +http://yandex.com/bots)"
199.21.99.68 - - [18/May/2012:07:15:08 -0700] "GET /_images/?C=M;O=A HTTP/1.1" 200 2267 "-" "Mozilla/5.0 (compatible; YandexBot/3.0; +http://yandex.com/bots)"
1.202.218.8 - - [18/May/2012:07:27:49 -0700] "GET /robots.txt HTTP/1.0" 404 514 "-" "\"Mozilla/5.0"
180.76.5.176 - - [18/May/2012:07:29:46 -0700] "GET /photos/Christmas2005/target14.html HTTP/1.1" 304 159 "-" "Mozilla/5.0 (compatible; Baiduspider/2.0; +http://www.baidu.com/search/spider.html)"
119.63.196.46 - - [18/May/2012:07:30:39 -0700] "GET /robots.txt HTTP/1.1" 404 457 "-" "Baiduspider+(+http://www.baidu.com/search/spider.htm)"
119.63.196.52 - - [18/May/2012:07:30:54 -0700] "GET /robots.txt HTTP/1.1" 404 457 "-" "Baiduspider+(+http://www.baidu.com/search/spider.htm)"
72.205.46.87 - - [18/May/2012:07:43:29 -0700] "GET /new/_images/tat_small.png HTTP/1.1" 200 29474 "http://mcroghan.blogspot.com/" "Mozilla/5.0 (iPad; CPU OS 5_1_1 like Mac OS X) AppleWebKit/534.46 (KHTML, like Gecko) Version/5.1 Mobile/9B206 Safari/7534.48.3"
72.205.46.87 - - [18/May/2012:07:43:30 -0700] "GET /new/_images/chcnew.jpg HTTP/1.1" 200 4093 "http://mcroghan.blogspot.com/" "Mozilla/5.0 (iPad; CPU OS 5_1_1 like Mac OS X) AppleWebKit/534.46 (KHTML, like Gecko) Version/5.1 Mobile/9B206 Safari/7534.48.3"
72.205.46.87 - - [18/May/2012:07:43:30 -0700] "GET /new/_images/twitter.png HTTP/1.1" 200 934 "http://mcroghan.blogspot.com/" "Mozilla/5.0 (iPad; CPU OS 5_1_1 like Mac OS X) AppleWebKit/534.46 (KHTML, like Gecko) Version/5.1 Mobile/9B206 Safari/7534.48.3"
72.205.46.87 - - [18/May/2012:07:43:30 -0700] "GET /new/_images/facebook.png HTTP/1.1" 200 761 "http://mcroghan.blogspot.com/" "Mozilla/5.0 (iPad; CPU OS 5_1_1 like Mac OS X) AppleWebKit/534.46 (KHTML, like Gecko) Version/5.1 Mobile/9B206 Safari/7534.48.3"
72.205.46.87 - - [18/May/2012:07:43:30 -0700] "GET /new/_images/cticon.png HTTP/1.1" 200 509 "http://mcroghan.blogspot.com/" "Mozilla/5.0 (iPad; CPU OS 5_1_1 like Mac OS X) AppleWebKit/534.46 (KHTML, like Gecko) Version/5.1 Mobile/9B206 Safari/7534.48.3"
72.205.46.87 - - [18/May/2012:07:43:30 -0700] "GET /new/_images/MikeC.jpg HTTP/1.1" 200 7085 "http://mcroghan.blogspot.com/" "Mozilla/5.0 (iPad; CPU OS 5_1_1 like Mac OS X) AppleWebKit/534.46 (KHTML, like Gecko) Version/5.1 Mobile/9B206 Safari/7534.48.3"
72.205.46.87 - - [18/May/2012:07:43:30 -0700] "GET /new/_images/ami.gif HTTP/1.1" 200 8520 "http://mcroghan.blogspot.com/" "Mozilla/5.0 (iPad; CPU OS 5_1_1 like Mac OS X) AppleWebKit/534.46 (KHTML, like Gecko) Version/5.1 Mobile/9B206 Safari/7534.48.3"
72.205.46.87 - - [18/May/2012:07:43:30 -0700] "GET /new/_images/flickr.png HTTP/1.1" 200 742 "http://mcroghan.blogspot.com/" "Mozilla/5.0 (iPad; CPU OS 5_1_1 like Mac OS X) AppleWebKit/534.46 (KHTML, like Gecko) Version/5.1 Mobile/9B206 Safari/7534.48.3"
72.205.46.87 - - [18/May/2012:07:43:30 -0700] "GET /new/_images/anglimergent.png HTTP/1.1" 200 1080 "http://mcroghan.blogspot.com/" "Mozilla/5.0 (iPad; CPU OS 5_1_1 like Mac OS X) AppleWebKit/534.46 (KHTML, like Gecko) Version/5.1 Mobile/9B206 Safari/7534.48.3"
72.205.46.87 - - [18/May/2012:07:43:30 -0700] "GET /new/_images/transform.png HTTP/1.1" 200 947 "http://mcroghan.blogspot.com/" "Mozilla/5.0 (iPad; CPU OS 5_1_1 like Mac OS X) AppleWebKit/534.46 (KHTML, like Gecko) Version/5.1 Mobile/9B206 Safari/7534.48.3"
72.205.46.87 - - [18/May/2012:07:43:30 -0700] "GET /new/_images/email.png HTTP/1.1" 200 780 "http://mcroghan.blogspot.com/" "Mozilla/5.0 (iPad; CPU OS 5_1_1 like Mac OS X) AppleWebKit/534.46 (KHTML, like Gecko) Version/5.1 Mobile/9B206 Safari/7534.48.3"
72.205.46.87 - - [18/May/2012:07:43:30 -0700] "GET /new/_images/gplus.png HTTP/1.1" 200 1366 "http://mcroghan.blogspot.com/" "Mozilla/5.0 (iPad; CPU OS 5_1_1 like Mac OS X) AppleWebKit/534.46 (KHTML, like Gecko) Version/5.1 Mobile/9B206 Safari/7534.48.3"
72.205.46.87 - - [18/May/2012:07:43:30 -0700] "GET /new/_images/stgeorges.jpg HTTP/1.1" 200 15756 "http://mcroghan.blogspot.com/" "Mozilla/5.0 (iPad; CPU OS 5_1_1 like Mac OS X) AppleWebKit/534.46 (KHTML, like Gecko) Version/5.1 Mobile/9B206 Safari/7534.48.3"
72.205.46.87 - - [18/May/2012:07:43:30 -0700] "GET /new/_images/manga.jpg HTTP/1.1" 200 33115 "http://mcroghan.blogspot.com/" "Mozilla/5.0 (iPad; CPU OS 5_1_1 like Mac OS X) AppleWebKit/534.46 (KHTML, like Gecko) Version/5.1 Mobile/9B206 Safari/7534.48.3"
72.205.46.87 - - [18/May/2012:07:43:31 -0700] "GET /new/_images/linkedin.png HTTP/1.1" 200 912 "http://mcroghan.blogspot.com/" "Mozilla/5.0 (iPad; CPU OS 5_1_1 like Mac OS X) AppleWebKit/534.46 (KHTML, like Gecko) Version/5.1 Mobile/9B206 Safari/7534.48.3"
72.205.46.87 - - [18/May/2012:07:43:32 -0700] "GET /new/_images/mh.jpg HTTP/1.1" 200 6167 "http://mcroghan.blogspot.com/" "Mozilla/5.0 (iPad; CPU OS 5_1_1 like Mac OS X) AppleWebKit/534.46 (KHTML, like Gecko) Version/5.1 Mobile/9B206 Safari/7534.48.3"
199.21.99.68 - - [18/May/2012:07:43:35 -0700] "GET /new/dailyoffice/ HTTP/1.1" 200 556 "-" "Mozilla/5.0 (compatible; YandexBot/3.0; +http://yandex.com/bots)"
66.249.73.150 - - [18/May/2012:07:45:07 -0700] "GET /photos/2007fw4.pdf HTTP/1.1" 200 230382 "-" "DoCoMo/2.0 N905i(c100;TB;W24H16) (compatible; Googlebot-Mobile/2.1; +http://www.google.com/bot.html)"
72.205.46.87 - - [18/May/2012:08:06:32 -0700] "GET /new/_images/gplus.png HTTP/1.1" 200 1366 "http://mcroghan.blogspot.com/" "Mozilla/5.0 (compatible; MSIE 9.0; Windows NT 6.1; WOW64; Trident/5.0)"
72.205.46.87 - - [18/May/2012:08:06:32 -0700] "GET /new/_images/twitter.png HTTP/1.1" 200 934 "http://mcroghan.blogspot.com/" "Mozilla/5.0 (compatible; MSIE 9.0; Windows NT 6.1; WOW64; Trident/5.0)"
72.205.46.87 - - [18/May/2012:08:06:32 -0700] "GET /new/_images/flickr.png HTTP/1.1" 200 743 "http://mcroghan.blogspot.com/" "Mozilla/5.0 (compatible; MSIE 9.0; Windows NT 6.1; WOW64; Trident/5.0)"
72.205.46.87 - - [18/May/2012:08:06:32 -0700] "GET /new/_images/cticon.png HTTP/1.1" 200 509 "http://mcroghan.blogspot.com/" "Mozilla/5.0 (compatible; MSIE 9.0; Windows NT 6.1; WOW64; Trident/5.0)"
72.205.46.87 - - [18/May/2012:08:06:32 -0700] "GET /new/_images/transform.png HTTP/1.1" 200 948 "http://mcroghan.blogspot.com/" "Mozilla/5.0 (compatible; MSIE 9.0; Windows NT 6.1; WOW64; Trident/5.0)"
72.205.46.87 - - [18/May/2012:08:06:32 -0700] "GET /new/_images/email.png HTTP/1.1" 200 780 "http://mcroghan.blogspot.com/" "Mozilla/5.0 (compatible; MSIE 9.0; Windows NT 6.1; WOW64; Trident/5.0)"
72.205.46.87 - - [18/May/2012:08:06:32 -0700] "GET /new/_images/linkedin.png HTTP/1.1" 200 911 "http://mcroghan.blogspot.com/" "Mozilla/5.0 (compatible; MSIE 9.0; Windows NT 6.1; WOW64; Trident/5.0)"
72.205.46.87 - - [18/May/2012:08:06:32 -0700] "GET /new/_images/facebook.png HTTP/1.1" 200 760 "http://mcroghan.blogspot.com/" "Mozilla/5.0 (compatible; MSIE 9.0; Windows NT 6.1; WOW64; Trident/5.0)"
72.205.46.87 - - [18/May/2012:08:06:32 -0700] "GET /new/_images/anglimergent.png HTTP/1.1" 200 1080 "http://mcroghan.blogspot.com/" "Mozilla/5.0 (compatible; MSIE 9.0; Windows NT 6.1; WOW64; Trident/5.0)"
72.205.46.87 - - [18/May/2012:08:06:43 -0700] "GET /new/_images/tat_small.png HTTP/1.1" 200 29474 "http://mcroghan.blogspot.com/" "Mozilla/5.0 (compatible; MSIE 9.0; Windows NT 6.1; WOW64; Trident/5.0)"
72.205.46.87 - - [18/May/2012:08:06:43 -0700] "GET /new/_images/mh.jpg HTTP/1.1" 200 6166 "http://mcroghan.blogspot.com/" "Mozilla/5.0 (compatible; MSIE 9.0; Windows NT 6.1; WOW64; Trident/5.0)"
72.205.46.87 - - [18/May/2012:08:06:43 -0700] "GET /new/_images/chcnew.jpg HTTP/1.1" 200 4093 "http://mcroghan.blogspot.com/" "Mozilla/5.0 (compatible; MSIE 9.0; Windows NT 6.1; WOW64; Trident/5.0)"
72.205.46.87 - - [18/May/2012:08:06:43 -0700] "GET /new/_images/MikeC.jpg HTTP/1.1" 200 7086 "http://mcroghan.blogspot.com/" "Mozilla/5.0 (compatible; MSIE 9.0; Windows NT 6.1; WOW64; Trident/5.0)"
72.205.46.87 - - [18/May/2012:08:06:43 -0700] "GET /new/_images/stgeorges.jpg HTTP/1.1" 200 15756 "http://mcroghan.blogspot.com/" "Mozilla/5.0 (compatible; MSIE 9.0; Windows NT 6.1; WOW64; Trident/5.0)"
72.205.46.87 - - [18/May/2012:08:06:43 -0700] "GET /new/_images/ami.gif HTTP/1.1" 200 8520 "http://mcroghan.blogspot.com/" "Mozilla/5.0 (compatible; MSIE 9.0; Windows NT 6.1; WOW64; Trident/5.0)"
72.205.46.87 - - [18/May/2012:08:06:43 -0700] "GET /new/_images/manga.jpg HTTP/1.1" 200 33115 "http://mcroghan.blogspot.com/" "Mozilla/5.0 (compatible; MSIE 9.0; Windows NT 6.1; WOW64; Trident/5.0)"
208.115.111.72 - - [18/May/2012:08:08:42 -0700] "GET /robots.txt HTTP/1.1" 404 495 "-" "Mozilla/5.0 (compatible; Ezooms/1.0; ezooms.bot@gmail.com)"
123.125.71.43 - - [18/May/2012:08:15:58 -0700] "GET /robots.txt HTTP/1.1" 404 457 "-" "Mozilla/5.0 (compatible; Baiduspider/2.0; +http://www.baidu.com/search/spider.html)"
66.249.73.154 - - [18/May/2012:08:17:12 -0700] "GET /logs/hits/bandwidth.20041029 HTTP/1.1" 200 311 "-" "Mozilla/5.0 (compatible; Googlebot/2.1; +http://www.google.com/bot.html)"
66.249.73.154 - - [18/May/2012:08:23:41 -0700] "GET /logs/hits/bandwidth.20041102 HTTP/1.1" 200 313 "-" "Mozilla/5.0 (compatible; Googlebot/2.1; +http://www.google.com/bot.html)"
66.249.73.154 - - [18/May/2012:08:25:17 -0700] "GET /logs/hits/bandwidth.20041101 HTTP/1.1" 200 312 "-" "Mozilla/5.0 (compatible; Googlebot/2.1; +http://www.google.com/bot.html)"
66.249.73.154 - - [18/May/2012:08:28:33 -0700] "GET /logs/hits/bandwidth.20041107 HTTP/1.1" 200 311 "-" "Mozilla/5.0 (compatible; Googlebot/2.1; +http://www.google.com/bot.html)"
66.249.73.154 - - [18/May/2012:08:31:46 -0700] "GET /logs/hits/bandwidth.20041108 HTTP/1.1" 200 312 "-" "Mozilla/5.0 (compatible; Googlebot/2.1; +http://www.google.com/bot.html)"
199.21.99.68 - - [18/May/2012:08:32:38 -0700] "GET /new/?C=N;O=A HTTP/1.1" 200 563 "-" "Mozilla/5.0 (compatible; YandexBot/3.0; +http://yandex.com/bots)"
66.249.73.154 - - [18/May/2012:08:33:24 -0700] "GET /logs/hits/bandwidth.20041103 HTTP/1.1" 200 312 "-" "Mozilla/5.0 (compatible; Googlebot/2.1; +http://www.google.com/bot.html)"
66.249.73.154 - - [18/May/2012:08:39:52 -0700] "GET /logs/hits/bandwidth.20041031 HTTP/1.1" 200 312 "-" "Mozilla/5.0 (compatible; Googlebot/2.1; +http://www.google.com/bot.html)"
199.21.99.68 - - [18/May/2012:08:45:05 -0700] "GET /photos/ HTTP/1.1" 200 1011 "-" "Mozilla/5.0 (compatible; YandexBot/3.0; +http://yandex.com/bots)"
66.249.73.150 - - [18/May/2012:08:52:32 -0700] "GET /mara2.htm HTTP/1.1" 404 494 "-" "Googlebot/2.1 (+http://www.google.com/bot.html)"
199.21.99.68 - - [18/May/2012:08:52:53 -0700] "GET /d/?C=N;O=A HTTP/1.1" 200 593 "-" "Mozilla/5.0 (compatible; YandexBot/3.0; +http://yandex.com/bots)"
66.249.73.154 - - [18/May/2012:09:01:04 -0700] "GET /logs/hits/bandwidth.20041030 HTTP/1.1" 200 311 "-" "Mozilla/5.0 (compatible; Googlebot/2.1; +http://www.google.com/bot.html)"
199.21.99.68 - - [18/May/2012:09:06:51 -0700] "GET /photos/?C=M;O=A HTTP/1.1" 200 1012 "-" "Mozilla/5.0 (compatible; YandexBot/3.0; +http://yandex.com/bots)"
66.249.73.150 - - [18/May/2012:09:07:40 -0700] "GET /photos/TheHolidays2004/index3.html HTTP/1.1" 304 196 "-" "Mozilla/5.0 (compatible; Googlebot/2.1; +http://www.google.com/bot.html)"
66.249.73.154 - - [18/May/2012:09:09:19 -0700] "GET /logs/hits/bandwidth.20041105 HTTP/1.1" 200 312 "-" "Mozilla/5.0 (compatible; Googlebot/2.1; +http://www.google.com/bot.html)"
208.115.111.72 - - [18/May/2012:09:10:48 -0700] "GET /logs/hits/bandwidth.20030627 HTTP/1.1" 200 256 "-" "Mozilla/5.0 (compatible; Ezooms/1.0; ezooms.bot@gmail.com)"
208.115.111.72 - - [18/May/2012:09:10:55 -0700] "GET /photos/HikingtheAppalachianTrailJuly2005/photos/photo4.html HTTP/1.1" 200 2050 "-" "Mozilla/5.0 (compatible; Ezooms/1.0; ezooms.bot@gmail.com)"
199.21.99.68 - - [18/May/2012:09:22:40 -0700] "GET /photos/PunkinChunkin6November2004/ HTTP/1.1" 304 197 "-" "Mozilla/5.0 (compatible; YandexBot/3.0; +http://yandex.com/bots)"
199.21.99.68 - - [18/May/2012:09:24:19 -0700] "GET /d/ HTTP/1.1" 200 593 "-" "Mozilla/5.0 (compatible; YandexBot/3.0; +http://yandex.com/bots)"
180.76.5.98 - - [18/May/2012:09:42:43 -0700] "GET / HTTP/1.1" 200 1138 "-" "Mozilla/5.0 (compatible; Baiduspider/2.0; +http://www.baidu.com/search/spider.html)"
193.105.210.250 - - [18/May/2012:09:49:36 -0700] "GET /logs/access.log//wp-content/themes/folioway/core/thumb.php?src=http://picasa.com.klik4free.net/File/w00t.php HTTP/1.1" 503 532 "-" "FreeWebMonitoring SiteChecker/0.1 (+http://www.freewebmonitoring.com)"
193.105.210.250 - - [18/May/2012:09:49:38 -0700] "GET //wp-content/themes/folioway/core/thumb.php?src=http://picasa.com.klik4free.net/File/w00t.php HTTP/1.1" 503 532 "-" "FreeWebMonitoring SiteChecker/0.1 (+http://www.freewebmonitoring.com)"
193.105.210.250 - - [18/May/2012:09:49:39 -0700] "GET /logs//wp-content/themes/folioway/core/thumb.php?src=http://picasa.com.klik4free.net/File/w00t.php HTTP/1.1" 503 532 "-" "FreeWebMonitoring SiteChecker/0.1 (+http://www.freewebmonitoring.com)"
193.105.210.250 - - [18/May/2012:09:49:40 -0700] "GET /logs/access.log%22%20class=%22resultLink//wp-content/themes/folioway/core/thumb.php?src=http://picasa.com.klik4free.net/File/w00t.php HTTP/1.1" 503 532 "-" "FreeWebMonitoring SiteChecker/0.1 (+http://www.freewebmonitoring.com)"
180.76.5.173 - - [18/May/2012:09:52:03 -0700] "GET /d/?C=D;O=D HTTP/1.1" 200 554 "-" "Mozilla/5.0 (compatible; Baiduspider/2.0; +http://www.baidu.com/search/spider.html)"
199.21.99.68 - - [18/May/2012:09:56:23 -0700] "GET /d/?C=D;O=A HTTP/1.1" 200 593 "-" "Mozilla/5.0 (compatible; YandexBot/3.0; +http://yandex.com/bots)"
199.21.99.68 - - [18/May/2012:10:00:38 -0700] "GET /photos/TinaSoloHikeOctober2005/ HTTP/1.1" 200 882 "-" "Mozilla/5.0 (compatible; YandexBot/3.0; +http://yandex.com/bots)"
199.21.99.68 - - [18/May/2012:10:01:05 -0700] "GET /photos/BackpackingApril2005/ HTTP/1.1" 200 1106 "-" "Mozilla/5.0 (compatible; YandexBot/3.0; +http://yandex.com/bots)"
199.21.99.68 - - [18/May/2012:10:09:40 -0700] "GET /photos/LooneysReunion2005/ HTTP/1.1" 200 1013 "-" "Mozilla/5.0 (compatible; YandexBot/3.0; +http://yandex.com/bots)"
193.105.210.250 - - [18/May/2012:10:11:01 -0700] "GET /logs/error.log%22%20class=%22resultLink//wp-content/themes/folioway/core/thumb.php?src=http://picasa.com.klik4free.net/File/w00t.php HTTP/1.1" 503 532 "-" "FreeWebMonitoring SiteChecker/0.1 (+http://www.freewebmonitoring.com)"
193.105.210.250 - - [18/May/2012:10:11:02 -0700] "GET //wp-content/themes/folioway/core/thumb.php?src=http://picasa.com.klik4free.net/File/w00t.php HTTP/1.1" 503 532 "-" "FreeWebMonitoring SiteChecker/0.1 (+http://www.freewebmonitoring.com)"
193.105.210.250 - - [18/May/2012:10:11:03 -0700] "GET /logs//wp-content/themes/folioway/core/thumb.php?src=http://picasa.com.klik4free.net/File/w00t.php HTTP/1.1" 503 532 "-" "FreeWebMonitoring SiteChecker/0.1 (+http://www.freewebmonitoring.com)"
95.211.139.1 - - [18/May/2012:10:12:37 -0700] "GET /robots.txt HTTP/1.0" 404 514 "-" "Mozilla/5.0 (compatible; AcoonBot/4.10.8; +http://www.acoon.de/robot.asp)"
95.211.139.1 - - [18/May/2012:10:12:38 -0700] "GET /mara2.htm HTTP/1.0" 404 513 "-" "Mozilla/5.0 (compatible; AcoonBot/4.10.8; +http://www.acoon.de/robot.asp)"
71.17.58.206 - - [18/May/2012:10:19:12 -0700] "GET /new/_images/chcnew.jpg HTTP/1.1" 200 4093 "http://mcroghan.blogspot.ca/2006/05/confession-and-absolution.html" "Mozilla/5.0 (compatible; MSIE 9.0; Windows NT 6.1; Trident/5.0)"
71.17.58.206 - - [18/May/2012:10:19:12 -0700] "GET /new/_images/tat_small.png HTTP/1.1" 200 29474 "http://mcroghan.blogspot.ca/2006/05/confession-and-absolution.html" "Mozilla/5.0 (compatible; MSIE 9.0; Windows NT 6.1; Trident/5.0)"
71.17.58.206 - - [18/May/2012:10:19:12 -0700] "GET /new/_images/stgeorges.jpg HTTP/1.1" 200 15756 "http://mcroghan.blogspot.ca/2006/05/confession-and-absolution.html" "Mozilla/5.0 (compatible; MSIE 9.0; Windows NT 6.1; Trident/5.0)"
71.17.58.206 - - [18/May/2012:10:19:12 -0700] "GET /new/_images/MikeC.jpg HTTP/1.1" 200 7086 "http://mcroghan.blogspot.ca/2006/05/confession-and-absolution.html" "Mozilla/5.0 (compatible; MSIE 9.0; Windows NT 6.1; Trident/5.0)"
71.17.58.206 - - [18/May/2012:10:19:12 -0700] "GET /new/_images/ami.gif HTTP/1.1" 200 8520 "http://mcroghan.blogspot.ca/2006/05/confession-and-absolution.html" "Mozilla/5.0 (compatible; MSIE 9.0; Windows NT 6.1; Trident/5.0)"
71.17.58.206 - - [18/May/2012:10:19:12 -0700] "GET /new/_images/cticon.png HTTP/1.1" 200 509 "http://mcroghan.blogspot.ca/2006/05/confession-and-absolution.html" "Mozilla/5.0 (compatible; MSIE 9.0; Windows NT 6.1; Trident/5.0)"
71.17.58.206 - - [18/May/2012:10:19:12 -0700] "GET /new/_images/email.png HTTP/1.1" 200 780 "http://mcroghan.blogspot.ca/2006/05/confession-and-absolution.html" "Mozilla/5.0 (compatible; MSIE 9.0; Windows NT 6.1; Trident/5.0)"
71.17.58.206 - - [18/May/2012:10:19:12 -0700] "GET /new/_images/twitter.png HTTP/1.1" 200 934 "http://mcroghan.blogspot.ca/2006/05/confession-and-absolution.html" "Mozilla/5.0 (compatible; MSIE 9.0; Windows NT 6.1; Trident/5.0)"
71.17.58.206 - - [18/May/2012:10:19:12 -0700] "GET /new/_images/gplus.png HTTP/1.1" 200 1366 "http://mcroghan.blogspot.ca/2006/05/confession-and-absolution.html" "Mozilla/5.0 (compatible; MSIE 9.0; Windows NT 6.1; Trident/5.0)"
71.17.58.206 - - [18/May/2012:10:19:12 -0700] "GET /new/_images/flickr.png HTTP/1.1" 200 743 "http://mcroghan.blogspot.ca/2006/05/confession-and-absolution.html" "Mozilla/5.0 (compatible; MSIE 9.0; Windows NT 6.1; Trident/5.0)"
71.17.58.206 - - [18/May/2012:10:19:12 -0700] "GET /new/_images/manga.jpg HTTP/1.1" 200 33114 "http://mcroghan.blogspot.ca/2006/05/confession-and-absolution.html" "Mozilla/5.0 (compatible; MSIE 9.0; Windows NT 6.1; Trident/5.0)"
71.17.58.206 - - [18/May/2012:10:19:12 -0700] "GET /new/_images/facebook.png HTTP/1.1" 200 760 "http://mcroghan.blogspot.ca/2006/05/confession-and-absolution.html" "Mozilla/5.0 (compatible; MSIE 9.0; Windows NT 6.1; Trident/5.0)"
71.17.58.206 - - [18/May/2012:10:19:12 -0700] "GET /new/_images/linkedin.png HTTP/1.1" 200 911 "http://mcroghan.blogspot.ca/2006/05/confession-and-absolution.html" "Mozilla/5.0 (compatible; MSIE 9.0; Windows NT 6.1; Trident/5.0)"
71.17.58.206 - - [18/May/2012:10:19:12 -0700] "GET /new/_images/anglimergent.png HTTP/1.1" 200 1080 "http://mcroghan.blogspot.ca/2006/05/confession-and-absolution.html" "Mozilla/5.0 (compatible; MSIE 9.0; Windows NT 6.1; Trident/5.0)"
71.17.58.206 - - [18/May/2012:10:19:15 -0700] "GET /new/_images/mh.jpg HTTP/1.1" 200 6167 "http://mcroghan.blogspot.ca/2006/05/confession-and-absolution.html" "Mozilla/5.0 (compatible; MSIE 9.0; Windows NT 6.1; Trident/5.0)"
71.17.58.206 - - [18/May/2012:10:19:15 -0700] "GET /new/_images/transform.png HTTP/1.1" 200 948 "http://mcroghan.blogspot.ca/2006/05/confession-and-absolution.html" "Mozilla/5.0 (compatible; MSIE 9.0; Windows NT 6.1; Trident/5.0)"
193.105.210.250 - - [18/May/2012:10:26:12 -0700] "GET /logs/access.log//wp-content/themes/folioway/core/thumb.php?src=http://picasa.com.klik4free.net/File/w00t.php HTTP/1.1" 503 532 "-" "FreeWebMonitoring SiteChecker/0.1 (+http://www.freewebmonitoring.com)"
193.105.210.250 - - [18/May/2012:10:26:13 -0700] "GET //wp-content/themes/folioway/core/thumb.php?src=http://picasa.com.klik4free.net/File/w00t.php HTTP/1.1" 503 532 "-" "FreeWebMonitoring SiteChecker/0.1 (+http://www.freewebmonitoring.com)"
193.105.210.250 - - [18/May/2012:10:26:14 -0700] "GET /logs//wp-content/themes/folioway/core/thumb.php?src=http://picasa.com.klik4free.net/File/w00t.php HTTP/1.1" 503 532 "-" "FreeWebMonitoring SiteChecker/0.1 (+http://www.freewebmonitoring.com)"
193.105.210.250 - - [18/May/2012:10:26:16 -0700] "GET /logs/access.log%22%20class=%22resultLink//wp-content/themes/folioway/core/thumb.php?src=http://picasa.com.klik4free.net/File/w00t.php HTTP/1.1" 503 532 "-" "FreeWebMonitoring SiteChecker/0.1 (+http://www.freewebmonitoring.com)"
193.105.210.250 - - [18/May/2012:10:33:20 -0700] "GET /logs/access.log//wp-content/themes/folioway/core/thumb.php?src=http://picasa.com.klik4free.net/File/w00t.php HTTP/1.1" 503 532 "-" "FreeWebMonitoring SiteChecker/0.1 (+http://www.freewebmonitoring.com)"
193.105.210.250 - - [18/May/2012:10:33:21 -0700] "GET //wp-content/themes/folioway/core/thumb.php?src=http://picasa.com.klik4free.net/File/w00t.php HTTP/1.1" 503 532 "-" "FreeWebMonitoring SiteChecker/0.1 (+http://www.freewebmonitoring.com)"
193.105.210.250 - - [18/May/2012:10:33:22 -0700] "GET /logs//wp-content/themes/folioway/core/thumb.php?src=http://picasa.com.klik4free.net/File/w00t.php HTTP/1.1" 503 532 "-" "FreeWebMonitoring SiteChecker/0.1 (+http://www.freewebmonitoring.com)"
193.105.210.250 - - [18/May/2012:10:33:24 -0700] "GET /logs/access.log%22%20class=%22resultLink//wp-content/themes/folioway/core/thumb.php?src=http://picasa.com.klik4free.net/File/w00t.php HTTP/1.1" 503 532 "-" "FreeWebMonitoring SiteChecker/0.1 (+http://www.freewebmonitoring.com)"
199.21.99.68 - - [18/May/2012:10:41:36 -0700] "GET /photos/ManyReunionsJuly2005/ HTTP/1.1" 200 1342 "-" "Mozilla/5.0 (compatible; YandexBot/3.0; +http://yandex.com/bots)"
199.21.99.68 - - [18/May/2012:10:43:06 -0700] "GET /photos/FDB.php.bak HTTP/1.1" 200 1749 "-" "Mozilla/5.0 (compatible; YandexBot/3.0; +http://yandex.com/bots)"
199.21.99.68 - - [18/May/2012:10:44:14 -0700] "GET /photos/HikingtheAppalachianTrailJuly2005/ HTTP/1.1" 304 196 "-" "Mozilla/5.0 (compatible; YandexBot/3.0; +http://yandex.com/bots)"
1.202.218.8 - - [18/May/2012:10:46:18 -0700] "GET /robots.txt HTTP/1.0" 404 514 "-" "\"Mozilla/5.0"
199.21.99.68 - - [18/May/2012:10:54:15 -0700] "GET /_images/?C=M;O=D HTTP/1.1" 200 2274 "-" "Mozilla/5.0 (compatible; YandexBot/3.0; +http://yandex.com/bots)"
199.21.99.68 - - [18/May/2012:11:15:48 -0700] "GET /photos/2005-11-Thanksgiving/ HTTP/1.1" 200 878 "-" "Mozilla/5.0 (compatible; YandexBot/3.0; +http://yandex.com/bots)"
66.249.73.154 - - [18/May/2012:11:27:28 -0700] "GET /logs/hits/bandwidth.20041104 HTTP/1.1" 200 311 "-" "Mozilla/5.0 (compatible; Googlebot/2.1; +http://www.google.com/bot.html)"
199.21.99.68 - - [18/May/2012:11:39:22 -0700] "GET /?C=D;O=D HTTP/1.1" 200 632 "-" "Mozilla/5.0 (compatible; YandexBot/3.0; +http://yandex.com/bots)"
66.112.162.241 - - [18/May/2012:11:40:38 -0700] "GET /new/_images/mikepc70.png HTTP/1.1" 200 11002 "http://emerginggrace.blogspot.com/2007/07/more-generous-view.html" "Mozilla/5.0 (Windows NT 6.1; WOW64; rv:12.0) Gecko/20100101 Firefox/12.0"
199.21.99.68 - - [18/May/2012:11:40:49 -0700] "GET /d/?C=N;O=D HTTP/1.1" 200 591 "-" "Mozilla/5.0 (compatible; YandexBot/3.0; +http://yandex.com/bots)"
95.174.29.227 - - [18/May/2012:11:53:18 -0700] "GET /logs/error.log//wp-content/plugins/uBillboard/timthumb.php?src=http://wordpress.com.airatrip.com/temp/phantom.php HTTP/1.1" 503 532 "-" "Mozilla/4.0 (compatible; MSIE 6.0; Windows NT 5.1; SV1; .NET CLR 1.1.4322)"
95.174.29.227 - - [18/May/2012:11:53:20 -0700] "GET //wp-content/plugins/uBillboard/timthumb.php?src=http://wordpress.com.airatrip.com/temp/phantom.php HTTP/1.1" 503 532 "-" "Mozilla/4.0 (compatible; MSIE 6.0; Windows NT 5.1; SV1; .NET CLR 1.1.4322)"
95.174.29.227 - - [18/May/2012:11:53:21 -0700] "GET /logs//wp-content/plugins/uBillboard/timthumb.php?src=http://wordpress.com.airatrip.com/temp/phantom.php HTTP/1.1" 503 532 "-" "Mozilla/4.0 (compatible; MSIE 6.0; Windows NT 5.1; SV1; .NET CLR 1.1.4322)"
95.174.29.227 - - [18/May/2012:11:53:23 -0700] "GET /logs/error.log%22%20class=%22resultLink//wp-content/plugins/uBillboard/timthumb.php?src=http://wordpress.com.airatrip.com/temp/phantom.php HTTP/1.1" 503 532 "-" "Mozilla/4.0 (compatible; MSIE 6.0; Windows NT 5.1; SV1; .NET CLR 1.1.4322)"
64.37.49.129 - - [18/May/2012:12:02:52 -0700] "GET /logs/error.log/wp-content/plugins/uBillboard/timthumb.php?src=http://flickr.com.bpmohio.com/bad.php HTTP/1.1" 503 532 "-" "Mozilla/5.0 (Windows; U; Windows NT 5.1; en-US; rv:1.9.2) Gecko/20100115 Firefox/3.6"
64.37.49.129 - - [18/May/2012:12:02:53 -0700] "GET /wp-content/plugins/uBillboard/timthumb.php?src=http://flickr.com.bpmohio.com/bad.php HTTP/1.1" 503 532 "-" "Mozilla/5.0 (Windows; U; Windows NT 5.1; en-US; rv:1.9.2) Gecko/20100115 Firefox/3.6"
64.37.49.129 - - [18/May/2012:12:02:54 -0700] "GET /logs/wp-content/plugins/uBillboard/timthumb.php?src=http://flickr.com.bpmohio.com/bad.php HTTP/1.1" 503 532 "-" "Mozilla/5.0 (Windows; U; Windows NT 5.1; en-US; rv:1.9.2) Gecko/20100115 Firefox/3.6"
64.37.49.129 - - [18/May/2012:12:02:55 -0700] "GET /logs/error.log%22%20class=%22resultLink/wp-content/plugins/uBillboard/timthumb.php?src=http://flickr.com.bpmohio.com/bad.php HTTP/1.1" 503 532 "-" "Mozilla/5.0 (Windows; U; Windows NT 5.1; en-US; rv:1.9.2) Gecko/20100115 Firefox/3.6"
199.21.99.68 - - [18/May/2012:12:03:37 -0700] "GET /photos/GreatFallsMDApril2005/ HTTP/1.1" 200 1059 "-" "Mozilla/5.0 (compatible; YandexBot/3.0; +http://yandex.com/bots)"
199.21.99.68 - - [18/May/2012:12:10:46 -0700] "GET /photos/FriendsMiscellany/ HTTP/1.1" 200 1267 "-" "Mozilla/5.0 (compatible; YandexBot/3.0; +http://yandex.com/bots)"
180.76.5.88 - - [18/May/2012:12:15:44 -0700] "GET /logs/hits/hits.20070519 HTTP/1.1" 200 8577 "-" "Mozilla/5.0 (compatible; Baiduspider/2.0; +http://www.baidu.com/search/spider.html)"
199.21.99.68 - - [18/May/2012:12:32:18 -0700] "GET /d/?C=S;O=A HTTP/1.1" 200 594 "-" "Mozilla/5.0 (compatible; YandexBot/3.0; +http://yandex.com/bots)"
199.21.99.68 - - [18/May/2012:12:35:23 -0700] "GET /photos/?C=D;O=A HTTP/1.1" 200 1010 "-" "Mozilla/5.0 (compatible; YandexBot/3.0; +http://yandex.com/bots)"
50.47.58.114 - - [18/May/2012:12:36:36 -0700] "GET /logs/error.log//wp-content/plugins/uBillboard/timthumb.php?src=http://picasa.com.adelbacau.ro/sing.php HTTP/1.1" 503 532 "-" "FreeWebMonitoring SiteChecker/0.1 (+http://www.freewebmonitoring.com)"
50.47.58.114 - - [18/May/2012:12:36:37 -0700] "GET //wp-content/plugins/uBillboard/timthumb.php?src=http://picasa.com.adelbacau.ro/sing.php HTTP/1.1" 503 532 "-" "FreeWebMonitoring SiteChecker/0.1 (+http://www.freewebmonitoring.com)"
50.47.58.114 - - [18/May/2012:12:36:38 -0700] "GET /logs//wp-content/plugins/uBillboard/timthumb.php?src=http://picasa.com.adelbacau.ro/sing.php HTTP/1.1" 503 532 "-" "FreeWebMonitoring SiteChecker/0.1 (+http://www.freewebmonitoring.com)"
50.47.58.114 - - [18/May/2012:12:36:39 -0700] "GET /logs/error.log%22%20class=%22resultLink//wp-content/plugins/uBillboard/timthumb.php?src=http://picasa.com.adelbacau.ro/sing.php HTTP/1.1" 503 532 "-" "FreeWebMonitoring SiteChecker/0.1 (+http://www.freewebmonitoring.com)"
95.174.19.90 - - [18/May/2012:12:49:12 -0700] "GET /logs/error.log//wp-content/plugins/uBillboard/timthumb.php?src=http://picasa.com.tomi.com.au/logs/kacuk.php HTTP/1.1" 503 532 "-" "Mozilla/5.0 (X11;U;Linux i686 (x86_64);en-US;rv:1.9.0.16) Gecko/2009122206 Firefox/3.0.16 Flock/2.5.6"
95.174.19.90 - - [18/May/2012:12:49:13 -0700] "GET //wp-content/plugins/uBillboard/timthumb.php?src=http://picasa.com.tomi.com.au/logs/kacuk.php HTTP/1.1" 503 532 "-" "Mozilla/5.0 (X11;U;Linux i686 (x86_64);en-US;rv:1.9.0.16) Gecko/2009122206 Firefox/3.0.16 Flock/2.5.6"
95.174.19.90 - - [18/May/2012:12:49:14 -0700] "GET /logs//wp-content/plugins/uBillboard/timthumb.php?src=http://picasa.com.tomi.com.au/logs/kacuk.php HTTP/1.1" 503 532 "-" "Mozilla/5.0 (X11;U;Linux i686 (x86_64);en-US;rv:1.9.0.16) Gecko/2009122206 Firefox/3.0.16 Flock/2.5.6"
95.174.19.90 - - [18/May/2012:12:49:16 -0700] "GET /logs/error.log%22%20class=%22resultLink//wp-content/plugins/uBillboard/timthumb.php?src=http://picasa.com.tomi.com.au/logs/kacuk.php HTTP/1.1" 503 532 "-" "Mozilla/5.0 (X11;U;Linux i686 (x86_64);en-US;rv:1.9.0.16) Gecko/2009122206 Firefox/3.0.16 Flock/2.5.6"
79.169.184.113 - - [18/May/2012:12:52:00 -0700] "GET /logs/error.log//wp-content/plugins/uBillboard/timthumb.php?src=http://picasa.com.tomi.com.au/logs/kacuk.php HTTP/1.1" 503 532 "-" "FreeWebMonitoring SiteChecker/0.1 (+http://www.freewebmonitoring.com)"
79.169.184.113 - - [18/May/2012:12:52:01 -0700] "GET //wp-content/plugins/uBillboard/timthumb.php?src=http://picasa.com.tomi.com.au/logs/kacuk.php HTTP/1.1" 503 532 "-" "FreeWebMonitoring SiteChecker/0.1 (+http://www.freewebmonitoring.com)"
79.169.184.113 - - [18/May/2012:12:52:02 -0700] "GET /logs//wp-content/plugins/uBillboard/timthumb.php?src=http://picasa.com.tomi.com.au/logs/kacuk.php HTTP/1.1" 503 532 "-" "FreeWebMonitoring SiteChecker/0.1 (+http://www.freewebmonitoring.com)"
79.169.184.113 - - [18/May/2012:12:52:04 -0700] "GET /logs/error.log%22%20class=%22resultLink//wp-content/plugins/uBillboard/timthumb.php?src=http://picasa.com.tomi.com.au/logs/kacuk.php HTTP/1.1" 503 532 "-" "FreeWebMonitoring SiteChecker/0.1 (+http://www.freewebmonitoring.com)"
24.154.99.103 - - [18/May/2012:12:58:54 -0700] "GET /new/_images/tat_small.png HTTP/1.1" 200 29474 "http://mcroghan.blogspot.com/2011/05/why-i-dont-need-tablet.html" "Mozilla/4.0 (compatible; MSIE 8.0; Windows NT 5.1; Trident/4.0; .NET CLR 2.0.50727; .NET CLR 3.0.4506.2152; .NET CLR 3.5.30729; AskTbFXTV5/5.12.2.16749)"
24.154.99.103 - - [18/May/2012:12:58:54 -0700] "GET /new/_images/cticon.png HTTP/1.1" 200 509 "http://mcroghan.blogspot.com/2011/05/why-i-dont-need-tablet.html" "Mozilla/4.0 (compatible; MSIE 8.0; Windows NT 5.1; Trident/4.0; .NET CLR 2.0.50727; .NET CLR 3.0.4506.2152; .NET CLR 3.5.30729; AskTbFXTV5/5.12.2.16749)"
24.154.99.103 - - [18/May/2012:12:58:54 -0700] "GET /new/_images/linkedin.png HTTP/1.1" 200 912 "http://mcroghan.blogspot.com/2011/05/why-i-dont-need-tablet.html" "Mozilla/4.0 (compatible; MSIE 8.0; Windows NT 5.1; Trident/4.0; .NET CLR 2.0.50727; .NET CLR 3.0.4506.2152; .NET CLR 3.5.30729; AskTbFXTV5/5.12.2.16749)"
