207.183.255.170 - - [17/May/2012:11:12:26 -0700] "GET /new/_images/linkedin.png HTTP/1.1" 200 911 "http://mcroghan.blogspot.com/2006/08/what-does-ht-mean.html" "Mozilla/5.0 (compatible; MSIE 9.0; Windows NT 6.1; WOW64; Trident/5.0)"
207.183.255.170 - - [17/May/2012:11:12:29 -0700] "GET /new/_images/facebook.png HTTP/1.1" 200 761 "http://mcroghan.blogspot.com/2006/08/what-does-ht-mean.html" "Mozilla/5.0 (compatible; MSIE 9.0; Windows NT 6.1; WOW64; Trident/5.0)"
207.183.255.170 - - [17/May/2012:11:12:41 -0700] "GET /new/_images/transform.png HTTP/1.1" 200 948 "http://mcroghan.blogspot.com/2006/08/what-does-ht-mean.html" "Mozilla/5.0 (compatible; MSIE 9.0; Windows NT 6.1; WOW64; Trident/5.0)"
207.183.255.170 - - [17/May/2012:11:12:41 -0700] "GET /new/_images/ami.gif HTTP/1.1" 200 8520 "http://mcroghan.blogspot.com/2006/08/what-does-ht-mean.html" "Mozilla/5.0 (compatible; MSIE 9.0; Windows NT 6.1; WOW64; Trident/5.0)"
207.183.255.170 - - [17/May/2012:11:12:44 -0700] "GET /new/_images/twitter.png HTTP/1.1" 200 934 "http://mcroghan.blogspot.com/2006/08/what-does-ht-mean.html" "Mozilla/5.0 (compatible; MSIE 9.0; Windows NT 6.1; WOW64; Trident/5.0)"
207.183.255.170 - - [17/May/2012:11:12:44 -0700] "GET /new/_images/stgeorges.jpg HTTP/1.1" 200 15756 "http://mcroghan.blogspot.com/2006/08/what-does-ht-mean.html" "Mozilla/5.0 (compatible; MSIE 9.0; Windows NT 6.1; WOW64; Trident/5.0)"
207.183.255.170 - - [17/May/2012:11:12:50 -0700] "GET /new/_images/flickr.png HTTP/1.1" 200 743 "http://mcroghan.blogspot.com/2006/08/what-does-ht-mean.html" "Mozilla/5.0 (compatible; MSIE 9.0; Windows NT 6.1; WOW64; Trident/5.0)"
207.183.255.170 - - [17/May/2012:11:12:50 -0700] "GET /new/_images/chcnew.jpg HTTP/1.1" 200 4093 "http://mcroghan.blogspot.com/2006/08/what-does-ht-mean.html" "Mozilla/5.0 (compatible; MSIE 9.0; Windows NT 6.1; WOW64; Trident/5.0)"
207.183.255.170 - - [17/May/2012:11:12:50 -0700] "GET /new/_images/MikeC.jpg HTTP/1.1" 200 7086 "http://mcroghan.blogspot.com/2006/08/what-does-ht-mean.html" "Mozilla/5.0 (compatible; MSIE 9.0; Windows NT 6.1; WOW64; Trident/5.0)"
207.183.255.170 - - [17/May/2012:11:12:50 -0700] "GET /new/_images/manga.jpg HTTP/1.1" 200 33115 "http://mcroghan.blogspot.com/2006/08/what-does-ht-mean.html" "Mozilla/5.0 (compatible; MSIE 9.0; Windows NT 6.1; WOW64; Trident/5.0)"
207.183.255.170 - - [17/May/2012:11:12:51 -0700] "GET /new/_images/mikepc70.png HTTP/1.1" 200 11001 "http://mcroghan.blogspot.com/2006/08/what-does-ht-mean.html" "Mozilla/5.0 (compatible; MSIE 9.0; Windows NT 6.1; WOW64; Trident/5.0)"
124.115.6.17 - - [17/May/2012:11:13:28 -0700] "GET /robots.txt HTTP/1.1" 404 494 "-" "Sosospider+(+http://help.soso.com/webspider.htm)"
159.54.131.7 - - [17/May/2012:11:23:16 -0700] "GET /new/_images/tat_small.png HTTP/1.1" 304 174 "http://mcroghan.blogspot.com/2012/05/modern-and-postmodern-cultures-and.html" "Mozilla/5.0 (Macintosh; Intel Mac OS X 10_7_3) AppleWebKit/536.5 (KHTML, like Gecko) Chrome/19.0.1084.46 Safari/536.5"
159.54.131.7 - - [17/May/2012:11:23:16 -0700] "GET /new/_images/cticon.png HTTP/1.1" 304 171 "http://mcroghan.blogspot.com/2012/05/modern-and-postmodern-cultures-and.html" "Mozilla/5.0 (Macintosh; Intel Mac OS X 10_7_3) AppleWebKit/536.5 (KHTML, like Gecko) Chrome/19.0.1084.46 Safari/536.5"
159.54.131.7 - - [17/May/2012:11:23:16 -0700] "GET /new/_images/mh.jpg HTTP/1.1" 304 173 "http://mcroghan.blogspot.com/2012/05/modern-and-postmodern-cultures-and.html" "Mozilla/5.0 (Macintosh; Intel Mac OS X 10_7_3) AppleWebKit/536.5 (KHTML, like Gecko) Chrome/19.0.1084.46 Safari/536.5"
159.54.131.7 - - [17/May/2012:11:23:16 -0700] "GET /new/_images/ami.gif HTTP/1.1" 304 173 "http://mcroghan.blogspot.com/2012/05/modern-and-postmodern-cultures-and.html" "Mozilla/5.0 (Macintosh; Intel Mac OS X 10_7_3) AppleWebKit/536.5 (KHTML, like Gecko) Chrome/19.0.1084.46 Safari/536.5"
159.54.131.7 - - [17/May/2012:11:23:16 -0700] "GET /new/_images/chcnew.jpg HTTP/1.1" 304 172 "http://mcroghan.blogspot.com/2012/05/modern-and-postmodern-cultures-and.html" "Mozilla/5.0 (Macintosh; Intel Mac OS X 10_7_3) AppleWebKit/536.5 (KHTML, like Gecko) Chrome/19.0.1084.46 Safari/536.5"
159.54.131.7 - - [17/May/2012:11:23:16 -0700] "GET /new/_images/stgeorges.jpg HTTP/1.1" 304 173 "http://mcroghan.blogspot.com/2012/05/modern-and-postmodern-cultures-and.html" "Mozilla/5.0 (Macintosh; Intel Mac OS X 10_7_3) AppleWebKit/536.5 (KHTML, like Gecko) Chrome/19.0.1084.46 Safari/536.5"
159.54.131.7 - - [17/May/2012:11:23:16 -0700] "GET /new/_images/email.png HTTP/1.1" 304 172 "http://mcroghan.blogspot.com/2012/05/modern-and-postmodern-cultures-and.html" "Mozilla/5.0 (Macintosh; Intel Mac OS X 10_7_3) AppleWebKit/536.5 (KHTML, like Gecko) Chrome/19.0.1084.46 Safari/536.5"
159.54.131.7 - - [17/May/2012:11:23:16 -0700] "GET /new/_images/manga.jpg HTTP/1.1" 304 173 "http://mcroghan.blogspot.com/2012/05/modern-and-postmodern-cultures-and.html" "Mozilla/5.0 (Macintosh; Intel Mac OS X 10_7_3) AppleWebKit/536.5 (KHTML, like Gecko) Chrome/19.0.1084.46 Safari/536.5"
159.54.131.7 - - [17/May/2012:11:23:16 -0700] "GET /new/_images/twitter.png HTTP/1.1" 304 172 "http://mcroghan.blogspot.com/2012/05/modern-and-postmodern-cultures-and.html" "Mozilla/5.0 (Macintosh; Intel Mac OS X 10_7_3) AppleWebKit/536.5 (KHTML, like Gecko) Chrome/19.0.1084.46 Safari/536.5"
159.54.131.7 - - [17/May/2012:11:23:16 -0700] "GET /new/_images/gplus.png HTTP/1.1" 304 172 "http://mcroghan.blogspot.com/2012/05/modern-and-postmodern-cultures-and.html" "Mozilla/5.0 (Macintosh; Intel Mac OS X 10_7_3) AppleWebKit/536.5 (KHTML, like Gecko) Chrome/19.0.1084.46 Safari/536.5"
159.54.131.7 - - [17/May/2012:11:23:16 -0700] "GET /new/_images/MikeC.jpg HTTP/1.1" 304 172 "http://mcroghan.blogspot.com/2012/05/modern-and-postmodern-cultures-and.html" "Mozilla/5.0 (Macintosh; Intel Mac OS X 10_7_3) AppleWebKit/536.5 (KHTML, like Gecko) Chrome/19.0.1084.46 Safari/536.5"
159.54.131.7 - - [17/May/2012:11:23:16 -0700] "GET /new/_images/flickr.png HTTP/1.1" 304 171 "http://mcroghan.blogspot.com/2012/05/modern-and-postmodern-cultures-and.html" "Mozilla/5.0 (Macintosh; Intel Mac OS X 10_7_3) AppleWebKit/536.5 (KHTML, like Gecko) Chrome/19.0.1084.46 Safari/536.5"
159.54.131.7 - - [17/May/2012:11:23:16 -0700] "GET /new/_images/linkedin.png HTTP/1.1" 304 172 "http://mcroghan.blogspot.com/2012/05/modern-and-postmodern-cultures-and.html" "Mozilla/5.0 (Macintosh; Intel Mac OS X 10_7_3) AppleWebKit/536.5 (KHTML, like Gecko) Chrome/19.0.1084.46 Safari/536.5"
159.54.131.7 - - [17/May/2012:11:23:16 -0700] "GET /new/_images/anglimergent.png HTTP/1.1" 304 171 "http://mcroghan.blogspot.com/2012/05/modern-and-postmodern-cultures-and.html" "Mozilla/5.0 (Macintosh; Intel Mac OS X 10_7_3) AppleWebKit/536.5 (KHTML, like Gecko) Chrome/19.0.1084.46 Safari/536.5"
159.54.131.7 - - [17/May/2012:11:23:16 -0700] "GET /new/_images/transform.png HTTP/1.1" 304 171 "http://mcroghan.blogspot.com/2012/05/modern-and-postmodern-cultures-and.html" "Mozilla/5.0 (Macintosh; Intel Mac OS X 10_7_3) AppleWebKit/536.5 (KHTML, like Gecko) Chrome/19.0.1084.46 Safari/536.5"
159.54.131.7 - - [17/May/2012:11:23:17 -0700] "GET /new/_images/facebook.png HTTP/1.1" 304 172 "http://mcroghan.blogspot.com/2012/05/modern-and-postmodern-cultures-and.html" "Mozilla/5.0 (Macintosh; Intel Mac OS X 10_7_3) AppleWebKit/536.5 (KHTML, like Gecko) Chrome/19.0.1084.46 Safari/536.5"
208.115.111.72 - - [17/May/2012:11:31:42 -0700] "GET /robots.txt HTTP/1.1" 404 495 "-" "Mozilla/5.0 (compatible; Ezooms/1.0; ezooms.bot@gmail.com)"
80.239.242.175 - - [17/May/2012:11:33:03 -0700] "GET /new/_images/tat_small.png HTTP/1.1" 200 29418 "http://mcroghan.blogspot.com/" "Opera/9.80 (X11; Linux zbov; U; en-GB) Presto/2.10.254 Version/12.00"
80.239.242.175 - - [17/May/2012:11:33:04 -0700] "GET /new/_images/twitter.png HTTP/1.1" 200 878 "http://mcroghan.blogspot.com/" "Opera/9.80 (X11; Linux zbov; U; en-GB) Presto/2.10.254 Version/12.00"
80.239.242.175 - - [17/May/2012:11:33:04 -0700] "GET /new/_images/linkedin.png HTTP/1.1" 200 856 "http://mcroghan.blogspot.com/" "Opera/9.80 (X11; Linux zbov; U; en-GB) Presto/2.10.254 Version/12.00"
80.239.242.175 - - [17/May/2012:11:33:04 -0700] "GET /new/_images/cticon.png HTTP/1.1" 200 453 "http://mcroghan.blogspot.com/" "Opera/9.80 (X11; Linux zbov; U; en-GB) Presto/2.10.254 Version/12.00"
80.239.242.175 - - [17/May/2012:11:33:04 -0700] "GET /new/_images/gplus.png HTTP/1.1" 200 1310 "http://mcroghan.blogspot.com/" "Opera/9.80 (X11; Linux zbov; U; en-GB) Presto/2.10.254 Version/12.00"
80.239.242.175 - - [17/May/2012:11:33:04 -0700] "GET /new/_images/flickr.png HTTP/1.1" 200 687 "http://mcroghan.blogspot.com/" "Opera/9.80 (X11; Linux zbov; U; en-GB) Presto/2.10.254 Version/12.00"
80.239.242.175 - - [17/May/2012:11:33:04 -0700] "GET /new/_images/chcnew.jpg HTTP/1.1" 200 4037 "http://mcroghan.blogspot.com/" "Opera/9.80 (X11; Linux zbov; U; en-GB) Presto/2.10.254 Version/12.00"
80.239.242.175 - - [17/May/2012:11:33:04 -0700] "GET /new/_images/email.png HTTP/1.1" 200 724 "http://mcroghan.blogspot.com/" "Opera/9.80 (X11; Linux zbov; U; en-GB) Presto/2.10.254 Version/12.00"
80.239.242.175 - - [17/May/2012:11:33:04 -0700] "GET /new/_images/facebook.png HTTP/1.1" 200 705 "http://mcroghan.blogspot.com/" "Opera/9.80 (X11; Linux zbov; U; en-GB) Presto/2.10.254 Version/12.00"
80.239.242.175 - - [17/May/2012:11:33:04 -0700] "GET /new/_images/mh.jpg HTTP/1.1" 200 6111 "http://mcroghan.blogspot.com/" "Opera/9.80 (X11; Linux zbov; U; en-GB) Presto/2.10.254 Version/12.00"
80.239.242.175 - - [17/May/2012:11:33:04 -0700] "GET /new/_images/ami.gif HTTP/1.1" 200 8464 "http://mcroghan.blogspot.com/" "Opera/9.80 (X11; Linux zbov; U; en-GB) Presto/2.10.254 Version/12.00"
80.239.242.175 - - [17/May/2012:11:33:04 -0700] "GET /new/_images/transform.png HTTP/1.1" 200 892 "http://mcroghan.blogspot.com/" "Opera/9.80 (X11; Linux zbov; U; en-GB) Presto/2.10.254 Version/12.00"
80.239.242.175 - - [17/May/2012:11:33:04 -0700] "GET /new/_images/anglimergent.png HTTP/1.1" 200 1025 "http://mcroghan.blogspot.com/" "Opera/9.80 (X11; Linux zbov; U; en-GB) Presto/2.10.254 Version/12.00"
80.239.242.175 - - [17/May/2012:11:33:04 -0700] "GET /new/_images/manga.jpg HTTP/1.1" 200 33059 "http://mcroghan.blogspot.com/" "Opera/9.80 (X11; Linux zbov; U; en-GB) Presto/2.10.254 Version/12.00"
80.239.242.175 - - [17/May/2012:11:33:04 -0700] "GET /new/_images/MikeC.jpg HTTP/1.1" 200 7030 "http://mcroghan.blogspot.com/" "Opera/9.80 (X11; Linux zbov; U; en-GB) Presto/2.10.254 Version/12.00"
80.239.242.175 - - [17/May/2012:11:33:04 -0700] "GET /new/_images/stgeorges.jpg HTTP/1.1" 200 15700 "http://mcroghan.blogspot.com/" "Opera/9.80 (X11; Linux zbov; U; en-GB) Presto/2.10.254 Version/12.00"
80.239.242.175 - - [17/May/2012:11:38:57 -0700] "GET /new/_images/flickr.png HTTP/1.1" 304 116 "http://mcroghan.blogspot.com/2008/01/brief-spiritual-autobiography.html" "Opera/9.80 (X11; Linux zbov; U; en-GB) Presto/2.10.254 Version/12.00"
80.239.242.175 - - [17/May/2012:11:38:57 -0700] "GET /new/_images/gplus.png HTTP/1.1" 304 116 "http://mcroghan.blogspot.com/2008/01/brief-spiritual-autobiography.html" "Opera/9.80 (X11; Linux zbov; U; en-GB) Presto/2.10.254 Version/12.00"
80.239.242.175 - - [17/May/2012:11:38:57 -0700] "GET /new/_images/mh.jpg HTTP/1.1" 304 117 "http://mcroghan.blogspot.com/2008/01/brief-spiritual-autobiography.html" "Opera/9.80 (X11; Linux zbov; U; en-GB) Presto/2.10.254 Version/12.00"
80.239.242.175 - - [17/May/2012:11:38:57 -0700] "GET /new/_images/linkedin.png HTTP/1.1" 304 116 "http://mcroghan.blogspot.com/2008/01/brief-spiritual-autobiography.html" "Opera/9.80 (X11; Linux zbov; U; en-GB) Presto/2.10.254 Version/12.00"
74.6.22.187 - - [17/May/2012:11:39:03 -0700] "GET /mara2.htm HTTP/1.1" 404 494 "-" "Mozilla/5.0 (X11; Linux i686 on x86_64; rv:7.0.1) Gecko/ /7.0.1"
199.21.99.68 - - [17/May/2012:11:57:11 -0700] "GET /?C=D;O=A HTTP/1.1" 200 633 "-" "Mozilla/5.0 (compatible; YandexBot/3.0; +http://yandex.com/bots)"
199.21.99.68 - - [17/May/2012:11:57:14 -0700] "GET /?C=N;O=A HTTP/1.1" 200 633 "-" "Mozilla/5.0 (compatible; YandexBot/3.0; +http://yandex.com/bots)"
199.21.99.68 - - [17/May/2012:11:57:16 -0700] "GET /logs/?C=M;O=A HTTP/1.1" 200 790 "-" "Mozilla/5.0 (compatible; YandexBot/3.0; +http://yandex.com/bots)"
199.21.99.68 - - [17/May/2012:12:16:04 -0700] "GET /logs/?C=D;O=A HTTP/1.1" 200 794 "-" "Mozilla/5.0 (compatible; YandexBot/3.0; +http://yandex.com/bots)"
199.21.99.68 - - [17/May/2012:12:21:24 -0700] "GET /logs/analog_success.txt HTTP/1.1" 200 3041 "-" "Mozilla/5.0 (compatible; YandexBot/3.0; +http://yandex.com/bots)"
208.115.111.72 - - [17/May/2012:12:25:45 -0700] "GET /photos/ HTTP/1.1" 200 2931 "-" "Mozilla/5.0 (compatible; Ezooms/1.0; ezooms.bot@gmail.com)"
1.202.218.8 - - [17/May/2012:12:30:19 -0700] "GET /robots.txt HTTP/1.0" 404 514 "-" "\"Mozilla/5.0"
213.229.84.169 - - [17/May/2012:12:30:29 -0700] "GET /logs/access.log/admin/sqlpatch.php/password_forgotten.php?action=execute HTTP/1.1" 503 532 "-" "Gigabot/3.0 (http://www.gigablast.com/spider.html)"
213.229.84.169 - - [17/May/2012:12:30:29 -0700] "GET /logs/access.log/admin/sqlpatch.php/password_forgotten.php?action=execute HTTP/1.1" 503 532 "-" "Gigabot/3.0 (http://www.gigablast.com/spider.html)"
213.229.84.169 - - [17/May/2012:12:30:30 -0700] "GET /admin/sqlpatch.php/password_forgotten.php?action=execute HTTP/1.1" 503 532 "-" "Gigabot/3.0 (http://www.gigablast.com/spider.html)"
213.229.84.169 - - [17/May/2012:12:30:30 -0700] "GET /admin/sqlpatch.php/password_forgotten.php?action=execute HTTP/1.1" 503 532 "-" "Gigabot/3.0 (http://www.gigablast.com/spider.html)"
213.229.84.169 - - [17/May/2012:12:30:30 -0700] "GET /logs/admin/sqlpatch.php/password_forgotten.php?action=execute HTTP/1.1" 503 532 "-" "Gigabot/3.0 (http://www.gigablast.com/spider.html)"
213.229.84.169 - - [17/May/2012:12:30:30 -0700] "GET /logs/admin/sqlpatch.php/password_forgotten.php?action=execute HTTP/1.1" 503 532 "-" "Gigabot/3.0 (http://www.gigablast.com/spider.html)"
213.229.84.169 - - [17/May/2012:12:30:30 -0700] "GET /logs/access.log%22%20class=%22resultLink/admin/sqlpatch.php/password_forgotten.php?action=execute HTTP/1.1" 503 532 "-" "Gigabot/3.0 (http://www.gigablast.com/spider.html)"
213.229.84.169 - - [17/May/2012:12:30:30 -0700] "GET /logs/access.log%22%20class=%22resultLink/admin/sqlpatch.php/password_forgotten.php?action=execute HTTP/1.1" 503 532 "-" "Gigabot/3.0 (http://www.gigablast.com/spider.html)"
180.76.6.212 - - [17/May/2012:12:30:59 -0700] "GET /photos/ManyReunionsJuly2005/photos/photo24.html HTTP/1.1" 200 961 "-" "Mozilla/5.0 (compatible; Baiduspider/2.0; +http://www.baidu.com/search/spider.html)"
180.76.5.167 - - [17/May/2012:12:31:36 -0700] "GET /logs/?C=N;O=D HTTP/1.1" 200 746 "-" "Mozilla/5.0 (compatible; Baiduspider/2.0; +http://www.baidu.com/search/spider.html)"
74.220.174.92 - - [17/May/2012:12:31:43 -0700] "GET /new/_images/tat_small.png HTTP/1.1" 200 29474 "http://mcroghan.blogspot.ca/2011/06/wild-goose-is-not-safe-wgf11.html" "Mozilla/4.0 (compatible; MSIE 8.0; Windows NT 5.1; Trident/4.0; GTB7.3; .NET CLR 2.0.50727; .NET CLR 3.0.4506.2152; .NET CLR 3.5.30729)"
74.220.174.92 - - [17/May/2012:12:31:43 -0700] "GET /new/_images/linkedin.png HTTP/1.1" 200 912 "http://mcroghan.blogspot.ca/2011/06/wild-goose-is-not-safe-wgf11.html" "Mozilla/4.0 (compatible; MSIE 8.0; Windows NT 5.1; Trident/4.0; GTB7.3; .NET CLR 2.0.50727; .NET CLR 3.0.4506.2152; .NET CLR 3.5.30729)"
74.220.174.92 - - [17/May/2012:12:31:43 -0700] "GET /new/_images/cticon.png HTTP/1.1" 200 509 "http://mcroghan.blogspot.ca/2011/06/wild-goose-is-not-safe-wgf11.html" "Mozilla/4.0 (compatible; MSIE 8.0; Windows NT 5.1; Trident/4.0; GTB7.3; .NET CLR 2.0.50727; .NET CLR 3.0.4506.2152; .NET CLR 3.5.30729)"
74.220.174.92 - - [17/May/2012:12:31:43 -0700] "GET /new/_images/twitter.png HTTP/1.1" 200 934 "http://mcroghan.blogspot.ca/2011/06/wild-goose-is-not-safe-wgf11.html" "Mozilla/4.0 (compatible; MSIE 8.0; Windows NT 5.1; Trident/4.0; GTB7.3; .NET CLR 2.0.50727; .NET CLR 3.0.4506.2152; .NET CLR 3.5.30729)"
74.220.174.92 - - [17/May/2012:12:31:43 -0700] "GET /new/_images/facebook.png HTTP/1.1" 200 761 "http://mcroghan.blogspot.ca/2011/06/wild-goose-is-not-safe-wgf11.html" "Mozilla/4.0 (compatible; MSIE 8.0; Windows NT 5.1; Trident/4.0; GTB7.3; .NET CLR 2.0.50727; .NET CLR 3.0.4506.2152; .NET CLR 3.5.30729)"
74.220.174.92 - - [17/May/2012:12:31:43 -0700] "GET /new/_images/email.png HTTP/1.1" 200 780 "http://mcroghan.blogspot.ca/2011/06/wild-goose-is-not-safe-wgf11.html" "Mozilla/4.0 (compatible; MSIE 8.0; Windows NT 5.1; Trident/4.0; GTB7.3; .NET CLR 2.0.50727; .NET CLR 3.0.4506.2152; .NET CLR 3.5.30729)"
74.220.174.92 - - [17/May/2012:12:31:43 -0700] "GET /new/_images/anglimergent.png HTTP/1.1" 200 1081 "http://mcroghan.blogspot.ca/2011/06/wild-goose-is-not-safe-wgf11.html" "Mozilla/4.0 (compatible; MSIE 8.0; Windows NT 5.1; Trident/4.0; GTB7.3; .NET CLR 2.0.50727; .NET CLR 3.0.4506.2152; .NET CLR 3.5.30729)"
74.220.174.92 - - [17/May/2012:12:31:44 -0700] "GET /new/_images/gplus.png HTTP/1.1" 200 1365 "http://mcroghan.blogspot.ca/2011/06/wild-goose-is-not-safe-wgf11.html" "Mozilla/4.0 (compatible; MSIE 8.0; Windows NT 5.1; Trident/4.0; GTB7.3; .NET CLR 2.0.50727; .NET CLR 3.0.4506.2152; .NET CLR 3.5.30729)"
74.220.174.92 - - [17/May/2012:12:31:44 -0700] "GET /new/_images/flickr.png HTTP/1.1" 200 742 "http://mcroghan.blogspot.ca/2011/06/wild-goose-is-not-safe-wgf11.html" "Mozilla/4.0 (compatible; MSIE 8.0; Windows NT 5.1; Trident/4.0; GTB7.3; .NET CLR 2.0.50727; .NET CLR 3.0.4506.2152; .NET CLR 3.5.30729)"
74.220.174.92 - - [17/May/2012:12:31:44 -0700] "GET /new/_images/transform.png HTTP/1.1" 200 947 "http://mcroghan.blogspot.ca/2011/06/wild-goose-is-not-safe-wgf11.html" "Mozilla/4.0 (compatible; MSIE 8.0; Windows NT 5.1; Trident/4.0; GTB7.3; .NET CLR 2.0.50727; .NET CLR 3.0.4506.2152; .NET CLR 3.5.30729)"
74.220.174.92 - - [17/May/2012:12:31:52 -0700] "GET /new/_images/chcnew.jpg HTTP/1.1" 200 4093 "http://mcroghan.blogspot.ca/2011/06/wild-goose-is-not-safe-wgf11.html" "Mozilla/4.0 (compatible; MSIE 8.0; Windows NT 5.1; Trident/4.0; GTB7.3; .NET CLR 2.0.50727; .NET CLR 3.0.4506.2152; .NET CLR 3.5.30729)"
74.220.174.92 - - [17/May/2012:12:31:52 -0700] "GET /new/_images/mh.jpg HTTP/1.1" 200 6167 "http://mcroghan.blogspot.ca/2011/06/wild-goose-is-not-safe-wgf11.html" "Mozilla/4.0 (compatible; MSIE 8.0; Windows NT 5.1; Trident/4.0; GTB7.3; .NET CLR 2.0.50727; .NET CLR 3.0.4506.2152; .NET CLR 3.5.30729)"
74.220.174.92 - - [17/May/2012:12:31:52 -0700] "GET /new/_images/stgeorges.jpg HTTP/1.1" 200 15756 "http://mcroghan.blogspot.ca/2011/06/wild-goose-is-not-safe-wgf11.html" "Mozilla/4.0 (compatible; MSIE 8.0; Windows NT 5.1; Trident/4.0; GTB7.3; .NET CLR 2.0.50727; .NET CLR 3.0.4506.2152; .NET CLR 3.5.30729)"
74.220.174.92 - - [17/May/2012:12:31:52 -0700] "GET /new/_images/MikeC.jpg HTTP/1.1" 200 7086 "http://mcroghan.blogspot.ca/2011/06/wild-goose-is-not-safe-wgf11.html" "Mozilla/4.0 (compatible; MSIE 8.0; Windows NT 5.1; Trident/4.0; GTB7.3; .NET CLR 2.0.50727; .NET CLR 3.0.4506.2152; .NET CLR 3.5.30729)"
74.220.174.92 - - [17/May/2012:12:31:52 -0700] "GET /new/_images/manga.jpg HTTP/1.1" 200 33115 "http://mcroghan.blogspot.ca/2011/06/wild-goose-is-not-safe-wgf11.html" "Mozilla/4.0 (compatible; MSIE 8.0; Windows NT 5.1; Trident/4.0; GTB7.3; .NET CLR 2.0.50727; .NET CLR 3.0.4506.2152; .NET CLR 3.5.30729)"
74.220.174.92 - - [17/May/2012:12:31:53 -0700] "GET /new/_images/ami.gif HTTP/1.1" 200 8519 "http://mcroghan.blogspot.ca/2011/06/wild-goose-is-not-safe-wgf11.html" "Mozilla/4.0 (compatible; MSIE 8.0; Windows NT 5.1; Trident/4.0; GTB7.3; .NET CLR 2.0.50727; .NET CLR 3.0.4506.2152; .NET CLR 3.5.30729)"
199.21.99.68 - - [17/May/2012:12:38:02 -0700] "GET /logs/error.log.0 HTTP/1.1" 200 3397 "-" "Mozilla/5.0 (compatible; YandexBot/3.0; +http://yandex.com/bots)"
199.21.99.68 - - [17/May/2012:12:45:05 -0700] "GET /logs/analog/ HTTP/1.1" 200 697 "-" "Mozilla/5.0 (compatible; YandexBot/3.0; +http://yandex.com/bots)"
217.35.237.97 - - [17/May/2012:13:02:07 -0700] "GET /new/_images/mikepc70.png HTTP/1.1" 200 11002 "http://bishopalan.blogspot.co.uk/2007/11/wodbine-willie-says.html" "Mozilla/5.0 (Macintosh; Intel Mac OS X 10_7_3) AppleWebKit/534.55.3 (KHTML, like Gecko) Version/5.1.5 Safari/534.55.3"
108.245.172.210 - - [17/May/2012:13:15:48 -0700] "GET /new/_images/tat_small.png HTTP/1.1" 200 29474 "http://mcroghan.blogspot.com/?m=1" "Mozilla/5.0 (iPod; U; CPU iPhone OS 4_2_1 like Mac OS X; en-us) AppleWebKit/533.17.9 (KHTML, like Gecko) Version/5.0.2 Mobile/8C148 Safari/6533.18.5"
180.76.6.223 - - [17/May/2012:13:34:24 -0700] "GET / HTTP/1.1" 200 1138 "-" "Mozilla/5.0 (compatible; Baiduspider/2.0; +http://www.baidu.com/search/spider.html)"
180.76.5.52 - - [17/May/2012:13:49:42 -0700] "GET /logs/error.log.2012-05-12 HTTP/1.1" 404 469 "-" "Mozilla/5.0 (compatible; Baiduspider/2.0; +http://www.baidu.com/search/spider.html)"
199.21.99.68 - - [17/May/2012:13:50:03 -0700] "GET /logs/error.log HTTP/1.1" 200 1805 "-" "Mozilla/5.0 (compatible; YandexBot/3.0; +http://yandex.com/bots)"
199.21.99.68 - - [17/May/2012:14:07:39 -0700] "GET /logs/hits/ HTTP/1.1" 200 35509 "-" "Mozilla/5.0 (compatible; YandexBot/3.0; +http://yandex.com/bots)"
66.249.73.154 - - [17/May/2012:14:31:16 -0700] "GET /robots.txt HTTP/1.1" 404 494 "-" "Mozilla/5.0 (compatible; Googlebot/2.1; +http://www.google.com/bot.html)"
66.249.73.154 - - [17/May/2012:14:31:16 -0700] "GET /logs/hits/bandwidth.20031211 HTTP/1.1" 200 311 "-" "Mozilla/5.0 (compatible; Googlebot/2.1; +http://www.google.com/bot.html)"
174.253.147.131 - - [17/May/2012:14:35:01 -0700] "GET /new/_images/mikepc70.png HTTP/1.1" 200 10946 "http://emerginggrace.blogspot.com/2007/07/more-generous-view.html?m=1" "Mozilla/5.0 (Linux; U; Android 2.3.3; en-us; C771 Build/C771M110) AppleWebKit/533.1 (KHTML, like Gecko) Version/4.0 Mobile Safari/533.1"
193.47.80.49 - - [17/May/2012:14:41:57 -0700] "GET / HTTP/1.1" 200 596 "-" "Mozilla/5.0 (compatible; Exabot/3.0; +http://www.exabot.com/go/robot)"
66.249.73.154 - - [17/May/2012:14:42:44 -0700] "GET /logs/hits/bandwidth.20040131 HTTP/1.1" 200 311 "-" "Mozilla/5.0 (compatible; Googlebot/2.1; +http://www.google.com/bot.html)"
66.249.73.154 - - [17/May/2012:14:45:35 -0700] "GET /logs/hits/bandwidth.20040125 HTTP/1.1" 200 313 "-" "Mozilla/5.0 (compatible; Googlebot/2.1; +http://www.google.com/bot.html)"
199.21.99.68 - - [17/May/2012:14:46:31 -0700] "GET /logs/access.log.0 HTTP/1.1" 200 13135 "-" "Mozilla/5.0 (compatible; YandexBot/3.0; +http://yandex.com/bots)"
199.21.99.68 - - [17/May/2012:14:47:51 -0700] "GET /logs/access.log HTTP/1.1" 200 6158 "-" "Mozilla/5.0 (compatible; YandexBot/3.0; +http://yandex.com/bots)"
66.249.73.150 - - [17/May/2012:14:51:18 -0700] "GET /photos/ManyReunionsJuly2005/photos/photo18.html HTTP/1.1" 200 1025 "-" "Mozilla/5.0 (compatible; Googlebot/2.1; +http://www.google.com/bot.html)"
208.115.113.88 - - [17/May/2012:14:54:14 -0700] "GET /robots.txt HTTP/1.1" 404 495 "-" "Mozilla/5.0 (compatible; Ezooms/1.0; ezooms.bot@gmail.com)"
66.249.73.154 - - [17/May/2012:14:59:53 -0700] "GET /logs/hits/bandwidth.20051121 HTTP/1.1" 200 312 "-" "Mozilla/5.0 (compatible; Googlebot/2.1; +http://www.google.com/bot.html)"
180.76.5.162 - - [17/May/2012:15:09:14 -0700] "GET /new/table.php HTTP/1.1" 404 459 "-" "Mozilla/5.0 (compatible; Baiduspider/2.0; +http://www.baidu.com/search/spider.html)"
108.166.83.134 - - [17/May/2012:15:12:48 -0700] "GET /new/_images/flickr.png HTTP/1.1" 200 687 "-" "Mozilla/5.0 (compatible; Embedly/0.2; snap; +http://support.embed.ly/)"
108.166.83.134 - - [17/May/2012:15:12:48 -0700] "GET /new/_images/twitter.png HTTP/1.1" 200 878 "-" "Mozilla/5.0 (compatible; Embedly/0.2; snap; +http://support.embed.ly/)"
108.166.83.134 - - [17/May/2012:15:12:48 -0700] "GET /new/_images/email.png HTTP/1.1" 200 724 "-" "Mozilla/5.0 (compatible; Embedly/0.2; snap; +http://support.embed.ly/)"
108.166.83.134 - - [17/May/2012:15:12:48 -0700] "GET /new/_images/facebook.png HTTP/1.1" 200 705 "-" "Mozilla/5.0 (compatible; Embedly/0.2; snap; +http://support.embed.ly/)"
108.166.83.134 - - [17/May/2012:15:12:48 -0700] "GET /new/_images/linkedin.png HTTP/1.1" 200 856 "-" "Mozilla/5.0 (compatible; Embedly/0.2; snap; +http://support.embed.ly/)"
108.166.83.134 - - [17/May/2012:15:12:48 -0700] "GET /new/_images/anglimergent.png HTTP/1.1" 200 1025 "-" "Mozilla/5.0 (compatible; Embedly/0.2; snap; +http://support.embed.ly/)"
108.166.83.134 - - [17/May/2012:15:12:48 -0700] "GET /new/_images/gplus.png HTTP/1.1" 200 1310 "-" "Mozilla/5.0 (compatible; Embedly/0.2; snap; +http://support.embed.ly/)"
108.166.83.134 - - [17/May/2012:15:12:48 -0700] "GET /new/_images/tat_small.png HTTP/1.1" 200 29418 "-" "Mozilla/5.0 (compatible; Embedly/0.2; snap; +http://support.embed.ly/)"
66.249.73.154 - - [17/May/2012:15:14:09 -0700] "GET /logs/hits/bandwidth.20040114 HTTP/1.1" 200 311 "-" "Mozilla/5.0 (compatible; Googlebot/2.1; +http://www.google.com/bot.html)"
66.249.73.150 - - [17/May/2012:15:17:47 -0700] "GET /photos/Halloween2004/photos/thumb22.jpg HTTP/1.1" 200 1801 "-" "Googlebot-Image/1.0"
66.249.73.150 - - [17/May/2012:15:21:11 -0700] "GET /new/PhiladelphiaOctober2004/photos/photo9.jpg HTTP/1.1" 404 518 "-" "Googlebot-Image/1.0"
66.249.73.154 - - [17/May/2012:15:22:46 -0700] "GET /logs/hits/bandwidth.20040124 HTTP/1.1" 200 311 "-" "Mozilla/5.0 (compatible; Googlebot/2.1; +http://www.google.com/bot.html)"
66.249.73.150 - - [17/May/2012:15:24:35 -0700] "GET /photos/ExtendedFamilyPhotos/images/garden_party_016.jpg HTTP/1.1" 200 84008 "-" "Googlebot-Image/1.0"
66.249.73.150 - - [17/May/2012:15:27:59 -0700] "GET /photos/ManyReunionsJuly2005/photos/photo13.jpg HTTP/1.1" 200 24553 "-" "Googlebot-Image/1.0"
66.249.73.150 - - [17/May/2012:15:31:24 -0700] "GET /new/_images/feed-icon32x32.png HTTP/1.1" 200 4653 "-" "Googlebot-Image/1.0"
74.6.17.167 - - [17/May/2012:15:34:13 -0700] "GET /mara2.htm HTTP/1.1" 404 494 "-" "Mozilla/5.0 (X11; Linux i686 on x86_64; rv:7.0.1) Gecko/ /7.0.1"
66.249.73.154 - - [17/May/2012:15:34:15 -0700] "GET /logs/hits/ref.20030410 HTTP/1.1" 200 9868 "-" "Mozilla/5.0 (compatible; Googlebot/2.1; +http://www.google.com/bot.html)"
74.6.17.167 - - [17/May/2012:15:36:14 -0700] "GET /mara2.htm HTTP/1.1" 404 494 "-" "Mozilla/5.0 (X11; Linux i686 on x86_64; rv:7.0.1) Gecko/ /7.0.1"
1.202.218.8 - - [17/May/2012:15:36:20 -0700] "GET /robots.txt HTTP/1.0" 404 514 "-" "\"Mozilla/5.0"
66.249.73.154 - - [17/May/2012:15:37:07 -0700] "GET /logs/hits/ref.20060102 HTTP/1.1" 200 21740 "-" "Mozilla/5.0 (compatible; Googlebot/2.1; +http://www.google.com/bot.html)"
199.21.99.68 - - [17/May/2012:15:40:19 -0700] "GET /tableoffaiths/ HTTP/1.1" 304 194 "-" "Mozilla/5.0 (compatible; YandexBot/3.0; +http://yandex.com/bots)"
199.21.99.68 - - [17/May/2012:15:40:21 -0700] "GET /logs/?C=N;O=D HTTP/1.1" 200 780 "-" "Mozilla/5.0 (compatible; YandexBot/3.0; +http://yandex.com/bots)"
208.115.113.88 - - [17/May/2012:15:49:29 -0700] "GET /new/?C=M;O=A HTTP/1.1" 200 804 "-" "Mozilla/5.0 (compatible; Ezooms/1.0; ezooms.bot@gmail.com)"
67.249.249.99 - - [17/May/2012:15:52:09 -0700] "GET / HTTP/1.1" 200 633 "http://sufiorder.toronto.on.ca/links.htm" "Mozilla/5.0 (Macintosh; U; PPC Mac OS X Mach-O; en-US; rv:1.8.1.20) Gecko/20081217 Firefox/2.0.0.20"
67.249.249.99 - - [17/May/2012:15:52:09 -0700] "GET /favicon.ico HTTP/1.1" 200 274 "-" "Mozilla/5.0 (Macintosh; U; PPC Mac OS X Mach-O; en-US; rv:1.8.1.20) Gecko/20081217 Firefox/2.0.0.20"
67.249.249.99 - - [17/May/2012:15:52:18 -0700] "GET /tableoffaiths/ HTTP/1.1" 200 502 "http://www.shunyata.net/" "Mozilla/5.0 (Macintosh; U; PPC Mac OS X Mach-O; en-US; rv:1.8.1.20) Gecko/20081217 Firefox/2.0.0.20"
67.249.249.99 - - [17/May/2012:15:52:20 -0700] "GET /new/_images/tat_small.png HTTP/1.1" 200 29474 "http://mcroghan.blogspot.com/" "Mozilla/5.0 (Macintosh; U; PPC Mac OS X Mach-O; en-US; rv:1.8.1.20) Gecko/20081217 Firefox/2.0.0.20"
67.249.249.99 - - [17/May/2012:15:52:21 -0700] "GET /new/_images/email.png HTTP/1.1" 200 780 "http://mcroghan.blogspot.com/" "Mozilla/5.0 (Macintosh; U; PPC Mac OS X Mach-O; en-US; rv:1.8.1.20) Gecko/20081217 Firefox/2.0.0.20"
67.249.249.99 - - [17/May/2012:15:52:21 -0700] "GET /new/_images/cticon.png HTTP/1.1" 200 509 "http://mcroghan.blogspot.com/" "Mozilla/5.0 (Macintosh; U; PPC Mac OS X Mach-O; en-US; rv:1.8.1.20) Gecko/20081217 Firefox/2.0.0.20"
67.249.249.99 - - [17/May/2012:15:52:21 -0700] "GET /new/_images/twitter.png HTTP/1.1" 200 933 "http://mcroghan.blogspot.com/" "Mozilla/5.0 (Macintosh; U; PPC Mac OS X Mach-O; en-US; rv:1.8.1.20) Gecko/20081217 Firefox/2.0.0.20"
67.249.249.99 - - [17/May/2012:15:52:21 -0700] "GET /new/_images/facebook.png HTTP/1.1" 200 760 "http://mcroghan.blogspot.com/" "Mozilla/5.0 (Macintosh; U; PPC Mac OS X Mach-O; en-US; rv:1.8.1.20) Gecko/20081217 Firefox/2.0.0.20"
67.249.249.99 - - [17/May/2012:15:52:21 -0700] "GET /new/_images/gplus.png HTTP/1.1" 200 1365 "http://mcroghan.blogspot.com/" "Mozilla/5.0 (Macintosh; U; PPC Mac OS X Mach-O; en-US; rv:1.8.1.20) Gecko/20081217 Firefox/2.0.0.20"
67.249.249.99 - - [17/May/2012:15:52:21 -0700] "GET /new/_images/linkedin.png HTTP/1.1" 200 911 "http://mcroghan.blogspot.com/" "Mozilla/5.0 (Macintosh; U; PPC Mac OS X Mach-O; en-US; rv:1.8.1.20) Gecko/20081217 Firefox/2.0.0.20"
67.249.249.99 - - [17/May/2012:15:52:22 -0700] "GET /new/_images/anglimergent.png HTTP/1.1" 200 1080 "http://mcroghan.blogspot.com/" "Mozilla/5.0 (Macintosh; U; PPC Mac OS X Mach-O; en-US; rv:1.8.1.20) Gecko/20081217 Firefox/2.0.0.20"
67.249.249.99 - - [17/May/2012:15:52:22 -0700] "GET /new/_images/flickr.png HTTP/1.1" 200 742 "http://mcroghan.blogspot.com/" "Mozilla/5.0 (Macintosh; U; PPC Mac OS X Mach-O; en-US; rv:1.8.1.20) Gecko/20081217 Firefox/2.0.0.20"
67.249.249.99 - - [17/May/2012:15:52:22 -0700] "GET /new/_images/transform.png HTTP/1.1" 200 947 "http://mcroghan.blogspot.com/" "Mozilla/5.0 (Macintosh; U; PPC Mac OS X Mach-O; en-US; rv:1.8.1.20) Gecko/20081217 Firefox/2.0.0.20"
67.249.249.99 - - [17/May/2012:15:52:28 -0700] "GET /new/_images/mh.jpg HTTP/1.1" 200 6167 "http://mcroghan.blogspot.com/" "Mozilla/5.0 (Macintosh; U; PPC Mac OS X Mach-O; en-US; rv:1.8.1.20) Gecko/20081217 Firefox/2.0.0.20"
67.249.249.99 - - [17/May/2012:15:52:29 -0700] "GET /new/_images/chcnew.jpg HTTP/1.1" 200 4093 "http://mcroghan.blogspot.com/" "Mozilla/5.0 (Macintosh; U; PPC Mac OS X Mach-O; en-US; rv:1.8.1.20) Gecko/20081217 Firefox/2.0.0.20"
67.249.249.99 - - [17/May/2012:15:52:29 -0700] "GET /new/_images/ami.gif HTTP/1.1" 200 8519 "http://mcroghan.blogspot.com/" "Mozilla/5.0 (Macintosh; U; PPC Mac OS X Mach-O; en-US; rv:1.8.1.20) Gecko/20081217 Firefox/2.0.0.20"
67.249.249.99 - - [17/May/2012:15:52:29 -0700] "GET /new/_images/stgeorges.jpg HTTP/1.1" 200 15755 "http://mcroghan.blogspot.com/" "Mozilla/5.0 (Macintosh; U; PPC Mac OS X Mach-O; en-US; rv:1.8.1.20) Gecko/20081217 Firefox/2.0.0.20"
67.249.249.99 - - [17/May/2012:15:52:30 -0700] "GET /new/_images/manga.jpg HTTP/1.1" 200 33114 "http://mcroghan.blogspot.com/" "Mozilla/5.0 (Macintosh; U; PPC Mac OS X Mach-O; en-US; rv:1.8.1.20) Gecko/20081217 Firefox/2.0.0.20"
67.249.249.99 - - [17/May/2012:15:52:30 -0700] "GET /new/_images/MikeC.jpg HTTP/1.1" 200 7085 "http://mcroghan.blogspot.com/" "Mozilla/5.0 (Macintosh; U; PPC Mac OS X Mach-O; en-US; rv:1.8.1.20) Gecko/20081217 Firefox/2.0.0.20"
66.249.73.150 - - [17/May/2012:16:01:56 -0700] "GET /old/christia.htm HTTP/1.1" 404 497 "-" "Mozilla/5.0 (compatible; Googlebot/2.1; +http://www.google.com/bot.html)"
66.249.73.150 - - [17/May/2012:16:05:50 -0700] "GET /photos/NeilandHeathersWedding/ HTTP/1.1" 304 196 "-" "Mozilla/5.0 (compatible; Googlebot/2.1; +http://www.google.com/bot.html)"
207.46.13.97 - - [17/May/2012:16:06:31 -0700] "GET /robots.txt HTTP/1.1" 404 551 "-" "Mozilla/5.0 (compatible; bingbot/2.0; +http://www.bing.com/bingbot.htm)"
207.46.13.97 - - [17/May/2012:16:07:13 -0700] "GET / HTTP/1.1" 200 633 "-" "Mozilla/5.0 (compatible; bingbot/2.0; +http://www.bing.com/bingbot.htm)"
208.115.111.72 - - [17/May/2012:16:16:33 -0700] "GET /robots.txt HTTP/1.1" 404 495 "-" "Mozilla/5.0 (compatible; Ezooms/1.0; ezooms.bot@gmail.com)"
66.249.73.150 - - [17/May/2012:16:17:20 -0700] "GET /old/table.htm HTTP/1.1" 404 495 "-" "Mozilla/5.0 (compatible; Googlebot/2.1; +http://www.google.com/bot.html)"
66.249.73.150 - - [17/May/2012:16:21:21 -0700] "GET /old/re970802.htm HTTP/1.1" 404 500 "-" "Mozilla/5.0 (compatible; Googlebot/2.1; +http://www.google.com/bot.html)"
123.126.50.79 - - [17/May/2012:16:22:49 -0700] "GET /robots.txt HTTP/1.1" 404 495 "-" "-"
123.126.50.79 - - [17/May/2012:16:22:59 -0700] "GET / HTTP/1.1" 200 596 "-" "Sogou web spider/4.0(+http://www.sogou.com/docs/help/webmasters.htm#07)"
180.76.5.179 - - [17/May/2012:16:27:59 -0700] "GET /photos/TheHolidays2004/photos/photo32.html HTTP/1.1" 304 159 "-" "Mozilla/5.0 (compatible; Baiduspider/2.0; +http://www.baidu.com/search/spider.html)"
69.158.16.14 - - [17/May/2012:16:42:28 -0700] "GET /new/_images/stgeorges.jpg HTTP/1.1" 200 15756 "http://mcroghan.blogspot.ca/" "Mozilla/5.0 (Macintosh; Intel Mac OS X 10_6_8) AppleWebKit/534.55.3 (KHTML, like Gecko) Version/5.1.5 Safari/534.55.3"
69.158.16.14 - - [17/May/2012:16:42:28 -0700] "GET /new/_images/ami.gif HTTP/1.1" 200 8520 "http://mcroghan.blogspot.ca/" "Mozilla/5.0 (Macintosh; Intel Mac OS X 10_6_8) AppleWebKit/534.55.3 (KHTML, like Gecko) Version/5.1.5 Safari/534.55.3"
69.158.16.14 - - [17/May/2012:16:42:28 -0700] "GET /new/_images/mh.jpg HTTP/1.1" 200 6167 "http://mcroghan.blogspot.ca/" "Mozilla/5.0 (Macintosh; Intel Mac OS X 10_6_8) AppleWebKit/534.55.3 (KHTML, like Gecko) Version/5.1.5 Safari/534.55.3"
69.158.16.14 - - [17/May/2012:16:42:28 -0700] "GET /new/_images/chcnew.jpg HTTP/1.1" 200 4093 "http://mcroghan.blogspot.ca/" "Mozilla/5.0 (Macintosh; Intel Mac OS X 10_6_8) AppleWebKit/534.55.3 (KHTML, like Gecko) Version/5.1.5 Safari/534.55.3"
69.158.16.14 - - [17/May/2012:16:42:28 -0700] "GET /new/_images/manga.jpg HTTP/1.1" 200 33115 "http://mcroghan.blogspot.ca/" "Mozilla/5.0 (Macintosh; Intel Mac OS X 10_6_8) AppleWebKit/534.55.3 (KHTML, like Gecko) Version/5.1.5 Safari/534.55.3"
69.158.16.14 - - [17/May/2012:16:42:28 -0700] "GET /new/_images/tat_small.png HTTP/1.1" 200 29474 "http://mcroghan.blogspot.ca/" "Mozilla/5.0 (Macintosh; Intel Mac OS X 10_6_8) AppleWebKit/534.55.3 (KHTML, like Gecko) Version/5.1.5 Safari/534.55.3"
69.158.16.14 - - [17/May/2012:16:42:28 -0700] "GET /new/_images/MikeC.jpg HTTP/1.1" 200 7085 "http://mcroghan.blogspot.ca/" "Mozilla/5.0 (Macintosh; Intel Mac OS X 10_6_8) AppleWebKit/534.55.3 (KHTML, like Gecko) Version/5.1.5 Safari/534.55.3"
69.158.16.14 - - [17/May/2012:16:42:31 -0700] "GET /new/_images/gplus.png HTTP/1.1" 200 1366 "http://mcroghan.blogspot.ca/" "Mozilla/5.0 (Macintosh; Intel Mac OS X 10_6_8) AppleWebKit/534.55.3 (KHTML, like Gecko) Version/5.1.5 Safari/534.55.3"
69.158.16.14 - - [17/May/2012:16:42:31 -0700] "GET /new/_images/linkedin.png HTTP/1.1" 200 912 "http://mcroghan.blogspot.ca/" "Mozilla/5.0 (Macintosh; Intel Mac OS X 10_6_8) AppleWebKit/534.55.3 (KHTML, like Gecko) Version/5.1.5 Safari/534.55.3"
69.158.16.14 - - [17/May/2012:16:42:31 -0700] "GET /new/_images/twitter.png HTTP/1.1" 200 934 "http://mcroghan.blogspot.ca/" "Mozilla/5.0 (Macintosh; Intel Mac OS X 10_6_8) AppleWebKit/534.55.3 (KHTML, like Gecko) Version/5.1.5 Safari/534.55.3"
69.158.16.14 - - [17/May/2012:16:42:31 -0700] "GET /new/_images/email.png HTTP/1.1" 200 780 "http://mcroghan.blogspot.ca/" "Mozilla/5.0 (Macintosh; Intel Mac OS X 10_6_8) AppleWebKit/534.55.3 (KHTML, like Gecko) Version/5.1.5 Safari/534.55.3"
69.158.16.14 - - [17/May/2012:16:42:32 -0700] "GET /new/_images/facebook.png HTTP/1.1" 200 761 "http://mcroghan.blogspot.ca/" "Mozilla/5.0 (Macintosh; Intel Mac OS X 10_6_8) AppleWebKit/534.55.3 (KHTML, like Gecko) Version/5.1.5 Safari/534.55.3"
69.158.16.14 - - [17/May/2012:16:42:31 -0700] "GET /new/_images/cticon.png HTTP/1.1" 200 509 "http://mcroghan.blogspot.ca/" "Mozilla/5.0 (Macintosh; Intel Mac OS X 10_6_8) AppleWebKit/534.55.3 (KHTML, like Gecko) Version/5.1.5 Safari/534.55.3"
69.158.16.14 - - [17/May/2012:16:42:32 -0700] "GET /new/_images/flickr.png HTTP/1.1" 200 742 "http://mcroghan.blogspot.ca/" "Mozilla/5.0 (Macintosh; Intel Mac OS X 10_6_8) AppleWebKit/534.55.3 (KHTML, like Gecko) Version/5.1.5 Safari/534.55.3"
69.158.16.14 - - [17/May/2012:16:42:32 -0700] "GET /new/_images/anglimergent.png HTTP/1.1" 200 1080 "http://mcroghan.blogspot.ca/" "Mozilla/5.0 (Macintosh; Intel Mac OS X 10_6_8) AppleWebKit/534.55.3 (KHTML, like Gecko) Version/5.1.5 Safari/534.55.3"
69.158.16.14 - - [17/May/2012:16:42:32 -0700] "GET /new/_images/transform.png HTTP/1.1" 200 948 "http://mcroghan.blogspot.ca/" "Mozilla/5.0 (Macintosh; Intel Mac OS X 10_6_8) AppleWebKit/534.55.3 (KHTML, like Gecko) Version/5.1.5 Safari/534.55.3"
66.249.73.154 - - [17/May/2012:17:05:53 -0700] "GET /logs/hits/ref.20040313 HTTP/1.1" 200 5983 "-" "Mozilla/5.0 (compatible; Googlebot/2.1; +http://www.google.com/bot.html)"
208.115.111.72 - - [17/May/2012:17:08:59 -0700] "GET /photos/ HTTP/1.1" 200 2931 "-" "Mozilla/5.0 (compatible; Ezooms/1.0; ezooms.bot@gmail.com)"
180.76.5.87 - - [17/May/2012:17:49:10 -0700] "GET /photos/ManyReunionsJuly2005/index2.html HTTP/1.1" 200 1296 "-" "Mozilla/5.0 (compatible; Baiduspider/2.0; +http://www.baidu.com/search/spider.html)"
208.115.113.88 - - [17/May/2012:17:59:45 -0700] "GET /robots.txt HTTP/1.1" 404 495 "-" "Mozilla/5.0 (compatible; Ezooms/1.0; ezooms.bot@gmail.com)"
88.190.23.224 - - [17/May/2012:18:16:09 -0700] "GET /new/_images/ami.gif HTTP/1.1" 200 8520 "http://mcroghan.blogspot.fr/2012/05/modern-and-postmodern-cultures-and.html" "Mozilla/5.0 (X11; Linux x86_64) AppleWebKit/534.34 (KHTML, like Gecko) imgsizer Safari/534.34"
88.190.23.224 - - [17/May/2012:18:16:09 -0700] "GET /new/_images/stgeorges.jpg HTTP/1.1" 200 15756 "http://mcroghan.blogspot.fr/2012/05/modern-and-postmodern-cultures-and.html" "Mozilla/5.0 (X11; Linux x86_64) AppleWebKit/534.34 (KHTML, like Gecko) imgsizer Safari/534.34"
88.190.23.224 - - [17/May/2012:18:16:09 -0700] "GET /new/_images/chcnew.jpg HTTP/1.1" 200 4093 "http://mcroghan.blogspot.fr/2012/05/modern-and-postmodern-cultures-and.html" "Mozilla/5.0 (X11; Linux x86_64) AppleWebKit/534.34 (KHTML, like Gecko) imgsizer Safari/534.34"
88.190.23.224 - - [17/May/2012:18:16:09 -0700] "GET /new/_images/manga.jpg HTTP/1.1" 200 33115 "http://mcroghan.blogspot.fr/2012/05/modern-and-postmodern-cultures-and.html" "Mozilla/5.0 (X11; Linux x86_64) AppleWebKit/534.34 (KHTML, like Gecko) imgsizer Safari/534.34"
88.190.23.224 - - [17/May/2012:18:16:09 -0700] "GET /new/_images/mh.jpg HTTP/1.1" 200 6167 "http://mcroghan.blogspot.fr/2012/05/modern-and-postmodern-cultures-and.html" "Mozilla/5.0 (X11; Linux x86_64) AppleWebKit/534.34 (KHTML, like Gecko) imgsizer Safari/534.34"
88.190.23.224 - - [17/May/2012:18:16:09 -0700] "GET /new/_images/tat_small.png HTTP/1.1" 200 29474 "http://mcroghan.blogspot.fr/2012/05/modern-and-postmodern-cultures-and.html" "Mozilla/5.0 (X11; Linux x86_64) AppleWebKit/534.34 (KHTML, like Gecko) imgsizer Safari/534.34"
88.190.23.224 - - [17/May/2012:18:16:09 -0700] "GET /new/_images/linkedin.png HTTP/1.1" 200 912 "http://mcroghan.blogspot.fr/2012/05/modern-and-postmodern-cultures-and.html" "Mozilla/5.0 (X11; Linux x86_64) AppleWebKit/534.34 (KHTML, like Gecko) imgsizer Safari/534.34"
88.190.23.224 - - [17/May/2012:18:16:09 -0700] "GET /new/_images/gplus.png HTTP/1.1" 200 1366 "http://mcroghan.blogspot.fr/2012/05/modern-and-postmodern-cultures-and.html" "Mozilla/5.0 (X11; Linux x86_64) AppleWebKit/534.34 (KHTML, like Gecko) imgsizer Safari/534.34"
88.190.23.224 - - [17/May/2012:18:16:09 -0700] "GET /new/_images/twitter.png HTTP/1.1" 200 934 "http://mcroghan.blogspot.fr/2012/05/modern-and-postmodern-cultures-and.html" "Mozilla/5.0 (X11; Linux x86_64) AppleWebKit/534.34 (KHTML, like Gecko) imgsizer Safari/534.34"
88.190.23.224 - - [17/May/2012:18:16:09 -0700] "GET /new/_images/MikeC.jpg HTTP/1.1" 200 7085 "http://mcroghan.blogspot.fr/2012/05/modern-and-postmodern-cultures-and.html" "Mozilla/5.0 (X11; Linux x86_64) AppleWebKit/534.34 (KHTML, like Gecko) imgsizer Safari/534.34"
88.190.23.224 - - [17/May/2012:18:16:09 -0700] "GET /new/_images/anglimergent.png HTTP/1.1" 200 1080 "http://mcroghan.blogspot.fr/2012/05/modern-and-postmodern-cultures-and.html" "Mozilla/5.0 (X11; Linux x86_64) AppleWebKit/534.34 (KHTML, like Gecko) imgsizer Safari/534.34"
88.190.23.224 - - [17/May/2012:18:16:09 -0700] "GET /new/_images/flickr.png HTTP/1.1" 200 742 "http://mcroghan.blogspot.fr/2012/05/modern-and-postmodern-cultures-and.html" "Mozilla/5.0 (X11; Linux x86_64) AppleWebKit/534.34 (KHTML, like Gecko) imgsizer Safari/534.34"
88.190.23.224 - - [17/May/2012:18:16:09 -0700] "GET /new/_images/cticon.png HTTP/1.1" 200 508 "http://mcroghan.blogspot.fr/2012/05/modern-and-postmodern-cultures-and.html" "Mozilla/5.0 (X11; Linux x86_64) AppleWebKit/534.34 (KHTML, like Gecko) imgsizer Safari/534.34"
88.190.23.224 - - [17/May/2012:18:16:10 -0700] "GET /new/_images/transform.png HTTP/1.1" 200 947 "http://mcroghan.blogspot.fr/2012/05/modern-and-postmodern-cultures-and.html" "Mozilla/5.0 (X11; Linux x86_64) AppleWebKit/534.34 (KHTML, like Gecko) imgsizer Safari/534.34"
88.190.23.224 - - [17/May/2012:18:16:10 -0700] "GET /new/_images/cticon.png HTTP/1.1" 200 509 "http://mcroghan.blogspot.fr/2012/05/modern-and-postmodern-cultures-and.html" "Mozilla/5.0 (X11; Linux x86_64) AppleWebKit/534.34 (KHTML, like Gecko) imgsizer Safari/534.34"
88.190.23.224 - - [17/May/2012:18:16:10 -0700] "GET /new/_images/email.png HTTP/1.1" 200 780 "http://mcroghan.blogspot.fr/2012/05/modern-and-postmodern-cultures-and.html" "Mozilla/5.0 (X11; Linux x86_64) AppleWebKit/534.34 (KHTML, like Gecko) imgsizer Safari/534.34"
88.190.23.224 - - [17/May/2012:18:16:11 -0700] "GET /new/_images/facebook.png HTTP/1.1" 200 761 "http://mcroghan.blogspot.fr/2012/05/modern-and-postmodern-cultures-and.html" "Mozilla/5.0 (X11; Linux x86_64) AppleWebKit/534.34 (KHTML, like Gecko) imgsizer Safari/534.34"
87.106.109.97 - - [17/May/2012:18:37:06 -0700] "GET /logs/error.log//wp-content/plugins/uBillboard/timthumb.php?src=http://img.youtube.com.n0why.us/wp-content/plugins/commentluv/lang/teddy/teddy.php HTTP/1.1" 503 532 "-" "Mozilla/5.0 (X11; U; Linux x86_64; en-US; rv:1.9.2.16) Gecko/20110323 Ubuntu/10.10 (maverick) Firefox/3.6.16"
87.106.109.97 - - [17/May/2012:18:37:07 -0700] "GET //wp-content/plugins/uBillboard/timthumb.php?src=http://img.youtube.com.n0why.us/wp-content/plugins/commentluv/lang/teddy/teddy.php HTTP/1.1" 503 532 "-" "Mozilla/5.0 (X11; U; Linux x86_64; en-US; rv:1.9.2.16) Gecko/20110323 Ubuntu/10.10 (maverick) Firefox/3.6.16"
87.106.109.97 - - [17/May/2012:18:37:08 -0700] "GET /logs//wp-content/plugins/uBillboard/timthumb.php?src=http://img.youtube.com.n0why.us/wp-content/plugins/commentluv/lang/teddy/teddy.php HTTP/1.1" 503 532 "-" "Mozilla/5.0 (X11; U; Linux x86_64; en-US; rv:1.9.2.16) Gecko/20110323 Ubuntu/10.10 (maverick) Firefox/3.6.16"
87.106.109.97 - - [17/May/2012:18:37:10 -0700] "GET /logs/error.log%22%20class=%22resultLink//wp-content/plugins/uBillboard/timthumb.php?src=http://img.youtube.com.n0why.us/wp-content/plugins/commentluv/lang/teddy/teddy.php HTTP/1.1" 503 532 "-" "Mozilla/5.0 (X11; U; Linux x86_64; en-US; rv:1.9.2.16) Gecko/20110323 Ubuntu/10.10 (maverick) Firefox/3.6.16"
64.15.152.22 - - [17/May/2012:18:37:10 -0700] "GET /logs/error.log//wp-content/plugins/uBillboard/timthumb.php?src=http://img.youtube.com.n0why.us/wp-content/plugins/commentluv/lang/teddy/teddy.php HTTP/1.1" 503 532 "-" "Mozilla/5.0 (Windows NT 6.1) AppleWebKit/535.11 (KHTML, like Gecko) Chrome/17.0.963.12 Safari/535.11"
64.15.152.22 - - [17/May/2012:18:37:11 -0700] "GET //wp-content/plugins/uBillboard/timthumb.php?src=http://img.youtube.com.n0why.us/wp-content/plugins/commentluv/lang/teddy/teddy.php HTTP/1.1" 503 532 "-" "Mozilla/5.0 (Windows NT 6.1) AppleWebKit/535.11 (KHTML, like Gecko) Chrome/17.0.963.12 Safari/535.11"
64.15.152.22 - - [17/May/2012:18:37:12 -0700] "GET /logs//wp-content/plugins/uBillboard/timthumb.php?src=http://img.youtube.com.n0why.us/wp-content/plugins/commentluv/lang/teddy/teddy.php HTTP/1.1" 503 532 "-" "Mozilla/5.0 (Windows NT 6.1) AppleWebKit/535.11 (KHTML, like Gecko) Chrome/17.0.963.12 Safari/535.11"
64.15.152.22 - - [17/May/2012:18:37:14 -0700] "GET /logs/error.log%22%20class=%22resultLink//wp-content/plugins/uBillboard/timthumb.php?src=http://img.youtube.com.n0why.us/wp-content/plugins/commentluv/lang/teddy/teddy.php HTTP/1.1" 503 532 "-" "Mozilla/5.0 (Windows NT 6.1) AppleWebKit/535.11 (KHTML, like Gecko) Chrome/17.0.963.12 Safari/535.11"
203.201.173.150 - - [17/May/2012:18:38:35 -0700] "GET /logs/error.log//wp-content/plugins/uBillboard/timthumb.php?src=http://img.youtube.com.n0why.us/wp-content/plugins/commentluv/lang/teddy/teddy.php HTTP/1.1" 503 532 "-" ".http://www.tonec.com//search.html.http://www.tonec.com//search.html."
203.201.173.150 - - [17/May/2012:18:38:36 -0700] "GET //wp-content/plugins/uBillboard/timthumb.php?src=http://img.youtube.com.n0why.us/wp-content/plugins/commentluv/lang/teddy/teddy.php HTTP/1.1" 503 532 "-" ".http://www.tonec.com//search.html.http://www.tonec.com//search.html."
203.201.173.150 - - [17/May/2012:18:38:38 -0700] "GET /logs//wp-content/plugins/uBillboard/timthumb.php?src=http://img.youtube.com.n0why.us/wp-content/plugins/commentluv/lang/teddy/teddy.php HTTP/1.1" 503 532 "-" ".http://www.tonec.com//search.html.http://www.tonec.com//search.html."
203.201.173.150 - - [17/May/2012:18:38:39 -0700] "GET /logs/error.log%22%20class=%22resultLink//wp-content/plugins/uBillboard/timthumb.php?src=http://img.youtube.com.n0why.us/wp-content/plugins/commentluv/lang/teddy/teddy.php HTTP/1.1" 503 532 "-" ".http://www.tonec.com//search.html.http://www.tonec.com//search.html."
1.202.218.8 - - [17/May/2012:18:43:31 -0700] "GET /robots.txt HTTP/1.0" 404 514 "-" "\"Mozilla/5.0"
87.106.109.97 - - [17/May/2012:18:54:15 -0700] "GET /logs/error.log//wp-content/plugins/uBillboard/timthumb.php?src=http://img.youtube.com.n0why.us/wp-content/plugins/commentluv/lang/teddy/teddy.php HTTP/1.1" 503 532 "-" "Mozilla/5.0 (X11; U; Linux x86_64; en-US; rv:1.9.2.16) Gecko/20110323 Ubuntu/10.10 (maverick) Firefox/3.6.16"
87.106.109.97 - - [17/May/2012:18:54:16 -0700] "GET //wp-content/plugins/uBillboard/timthumb.php?src=http://img.youtube.com.n0why.us/wp-content/plugins/commentluv/lang/teddy/teddy.php HTTP/1.1" 503 532 "-" "Mozilla/5.0 (X11; U; Linux x86_64; en-US; rv:1.9.2.16) Gecko/20110323 Ubuntu/10.10 (maverick) Firefox/3.6.16"
87.106.109.97 - - [17/May/2012:18:54:17 -0700] "GET /logs//wp-content/plugins/uBillboard/timthumb.php?src=http://img.youtube.com.n0why.us/wp-content/plugins/commentluv/lang/teddy/teddy.php HTTP/1.1" 503 532 "-" "Mozilla/5.0 (X11; U; Linux x86_64; en-US; rv:1.9.2.16) Gecko/20110323 Ubuntu/10.10 (maverick) Firefox/3.6.16"
87.106.109.97 - - [17/May/2012:18:54:19 -0700] "GET /logs/error.log%22%20class=%22resultLink//wp-content/plugins/uBillboard/timthumb.php?src=http://img.youtube.com.n0why.us/wp-content/plugins/commentluv/lang/teddy/teddy.php HTTP/1.1" 503 532 "-" "Mozilla/5.0 (X11; U; Linux x86_64; en-US; rv:1.9.2.16) Gecko/20110323 Ubuntu/10.10 (maverick) Firefox/3.6.16"
64.15.152.22 - - [17/May/2012:18:54:21 -0700] "GET /logs/error.log//wp-content/plugins/uBillboard/timthumb.php?src=http://img.youtube.com.n0why.us/wp-content/plugins/commentluv/lang/teddy/teddy.php HTTP/1.1" 503 532 "-" "Mozilla/5.0 (Windows NT 6.1) AppleWebKit/535.11 (KHTML, like Gecko) Chrome/17.0.963.12 Safari/535.11"
64.15.152.22 - - [17/May/2012:18:54:22 -0700] "GET //wp-content/plugins/uBillboard/timthumb.php?src=http://img.youtube.com.n0why.us/wp-content/plugins/commentluv/lang/teddy/teddy.php HTTP/1.1" 503 532 "-" "Mozilla/5.0 (Windows NT 6.1) AppleWebKit/535.11 (KHTML, like Gecko) Chrome/17.0.963.12 Safari/535.11"
64.15.152.22 - - [17/May/2012:18:54:37 -0700] "GET /logs/error.log%22%20class=%22resultLink//wp-content/plugins/uBillboard/timthumb.php?src=http://img.youtube.com.n0why.us/wp-content/plugins/commentluv/lang/teddy/teddy.php HTTP/1.1" 503 532 "-" "Mozilla/5.0 (Windows NT 6.1) AppleWebKit/535.11 (KHTML, like Gecko) Chrome/17.0.963.12 Safari/535.11"
203.201.173.150 - - [17/May/2012:18:55:53 -0700] "GET /logs/error.log//wp-content/plugins/uBillboard/timthumb.php?src=http://img.youtube.com.n0why.us/wp-content/plugins/commentluv/lang/teddy/teddy.php HTTP/1.1" 503 532 "-" ".http://www.tonec.com//search.html.http://www.tonec.com//search.html."
203.201.173.150 - - [17/May/2012:18:55:54 -0700] "GET //wp-content/plugins/uBillboard/timthumb.php?src=http://img.youtube.com.n0why.us/wp-content/plugins/commentluv/lang/teddy/teddy.php HTTP/1.1" 503 532 "-" ".http://www.tonec.com//search.html.http://www.tonec.com//search.html."
203.201.173.150 - - [17/May/2012:18:55:56 -0700] "GET /logs//wp-content/plugins/uBillboard/timthumb.php?src=http://img.youtube.com.n0why.us/wp-content/plugins/commentluv/lang/teddy/teddy.php HTTP/1.1" 503 532 "-" ".http://www.tonec.com//search.html.http://www.tonec.com//search.html."
203.201.173.150 - - [17/May/2012:18:55:57 -0700] "GET /logs/error.log%22%20class=%22resultLink//wp-content/plugins/uBillboard/timthumb.php?src=http://img.youtube.com.n0why.us/wp-content/plugins/commentluv/lang/teddy/teddy.php HTTP/1.1" 503 532 "-" ".http://www.tonec.com//search.html.http://www.tonec.com//search.html."
66.249.73.154 - - [17/May/2012:18:57:05 -0700] "GET /logs/hits/ref.20070705 HTTP/1.1" 200 8990 "-" "Mozilla/5.0 (compatible; Googlebot/2.1; +http://www.google.com/bot.html)"
208.115.113.88 - - [17/May/2012:18:59:15 -0700] "GET /photos/FriendsMiscellany/photos/photo12.html HTTP/1.1" 200 2210 "-" "Mozilla/5.0 (compatible; Ezooms/1.0; ezooms.bot@gmail.com)"
